{"id":87,"date":"2018-10-04T16:06:06","date_gmt":"2018-10-04T14:06:06","guid":{"rendered":"http:\/\/apajhetvous.apajh.org\/plateformecastresalbi\/?page_id=87"},"modified":"2020-06-15T13:49:45","modified_gmt":"2020-06-15T11:49:45","slug":"lequipe","status":"publish","type":"page","link":"http:\/\/apajhetvous.apajh.org\/plateformecastresalbi\/lequipe\/","title":{"rendered":"Les \u00e9quipes"},"content":{"rendered":"<p><img loading=\"lazy\" decoding=\"async\" class=\"alignnone size-medium wp-image-199\" src=\"http:\/\/apajhetvous.apajh.org\/plateformecastresalbi\/wp-content\/uploads\/2018\/12\/Equipe-pluridisciplinaire-F\u00e9d\u00e9ration-APAJH-300x155.jpg\" alt=\"\" width=\"300\" height=\"155\" srcset=\"http:\/\/apajhetvous.apajh.org\/plateformecastresalbi\/wp-content\/uploads\/2018\/12\/Equipe-pluridisciplinaire-F\u00e9d\u00e9ration-APAJH-300x155.jpg 300w, http:\/\/apajhetvous.apajh.org\/plateformecastresalbi\/wp-content\/uploads\/2018\/12\/Equipe-pluridisciplinaire-F\u00e9d\u00e9ration-APAJH-768x397.jpg 768w, http:\/\/apajhetvous.apajh.org\/plateformecastresalbi\/wp-content\/uploads\/2018\/12\/Equipe-pluridisciplinaire-F\u00e9d\u00e9ration-APAJH-1024x530.jpg 1024w, http:\/\/apajhetvous.apajh.org\/plateformecastresalbi\/wp-content\/uploads\/2018\/12\/Equipe-pluridisciplinaire-F\u00e9d\u00e9ration-APAJH-370x191.jpg 370w, http:\/\/apajhetvous.apajh.org\/plateformecastresalbi\/wp-content\/uploads\/2018\/12\/Equipe-pluridisciplinaire-F\u00e9d\u00e9ration-APAJH-1320x683.jpg 1320w, http:\/\/apajhetvous.apajh.org\/plateformecastresalbi\/wp-content\/uploads\/2018\/12\/Equipe-pluridisciplinaire-F\u00e9d\u00e9ration-APAJH.jpg 1920w\" sizes=\"auto, (max-width: 300px) 100vw, 300px\" \/><\/p>\n<p>Plus de 70 professionnels accompagnent les personnes en situation de handicap.<\/p>\n<p>Les \u00e9quipes sont compos\u00e9es d\u2019\u00e9ducateurs (moniteurs \u00e9ducateurs, \u00e9ducateurs sp\u00e9cialis\u00e9s, moniteurs d\u2019atelier, \u00e9ducateurs techniques sp\u00e9cialis\u00e9s, \u00e9ducateur sportif, conseillers en \u00e9ducation sociale et familiale, animateurs), de personnel de sant\u00e9 (psychiatres, psychologues, infirmi\u00e8res, aide-soignante), et \u00e9galement de veilleurs et d\u2019une d\u2019assistante sociale.<\/p>\n<p>Ces \u00e9quipes pluridisciplinaires croisent le regard, \u00e9changent et ajoutent leurs comp\u00e9tences pour r\u00e9pondre au mieux aux souhaits des personnes.<\/p>\n<p>Le travail en commun se fait \u00e0 la fois au sein de la Plateforme et avec les partenaires ext\u00e9rieurs, afin de faciliter l\u2019inclusion, la citoyennet\u00e9 et la fluidit\u00e9 des parcours\u00a0:\u00a0<a href=\"https:\/\/www.occitanie.ars.sante.fr\/\">Agence R\u00e9gionale de Sant\u00e9<\/a>,\u00a0<a href=\"http:\/\/www.tarn.fr\/\">Conseil D\u00e9partemental<\/a>,\u00a0<a href=\"http:\/\/www.tarn.gouv.fr\/maison-departementale-du-handicap-du-tarn-a867.html\">MDPH<\/a>(Maison D\u00e9partementale des Personnes Handicap\u00e9es), h\u00f4pital, CMP (Centre M\u00e9dico-Psychologique), autres structures m\u00e9dico-sociales, m\u00e9decins et infirmiers lib\u00e9raux,\u00a0<a href=\"http:\/\/www.ffsa.asso.fr\/\">F\u00e9d\u00e9ration Fran\u00e7aise Sport Adapt\u00e9<\/a>, mandataires judiciaires, Cap Emploi, Entreprises Adapt\u00e9es, Missions Locales, R\u00e9seau Sant\u00e9 Pr\u00e9carit\u00e9 Insertion Tarn Sud,\u00a0<a href=\"http:\/\/www.unafam.org\/\">UNAFAM<\/a>,\u00a0<a href=\"https:\/\/www.anpaa.asso.fr\/\">ANPAA<\/a>,\u00a0<a href=\"https:\/\/www.association-tarn-espoir.fr\/\">Tarn Espoir<\/a>, associations sportives et culturelles locales,\u00a0<a href=\"http:\/\/ccas%20gaillac\/\">CCAS Gaillac<\/a>, CCAS Castres Lameilh\u00e9, Conseil Local en Sant\u00e9 Mentale\u2026<\/p>\n<p>&nbsp;<\/p>\n<p><u>Le Conseil \u00e0 la Vie Sociale (CVS<\/u>) est un groupe qui se r\u00e9unit 3 fois par an pour discuter de la vie des services, favoriser la participation des personnes accompagn\u00e9es et r\u00e9pondre au mieux \u00e0 leurs attentes. Les personnes accompagn\u00e9es sont repr\u00e9sent\u00e9es par des d\u00e9l\u00e9gu\u00e9s \u00e9lus qui font remonter les questions.<\/p>\n<p>Contacts :<\/p>\n<ul>\n<li>Pr\u00e9sidente : Julie Amalric (<a href=\"mailto:julie.amalric0807@gmail.com\">julie.amalric0807@gmail.com<\/a>) ; suppl\u00e9ant : Michel Dini\u00a0 (<a href=\"mailto:dini.michel.81@gmail.com\">dini.michel.81@gmail.com<\/a>)<\/li>\n<li>Vice &#8211; pr\u00e9sidente (repr\u00e9sentante des familles) : Yvette Dedieu (06 64 31 92 96 ; <a href=\"mailto:ydedieu07@gmail.com\">ydedieu07@gmail.com<\/a>)<\/li>\n<\/ul>\n<p>&nbsp;<\/p>\n","protected":false},"excerpt":{"rendered":"<p>Plus de 70 professionnels accompagnent les personnes en situation de handicap. Les \u00e9quipes sont compos\u00e9es d\u2019\u00e9ducateurs (moniteurs \u00e9ducateurs, \u00e9ducateurs sp\u00e9cialis\u00e9s, moniteurs d\u2019atelier, \u00e9ducateurs techniques sp\u00e9cialis\u00e9s, \u00e9ducateur sportif, conseillers en \u00e9ducation sociale et familiale, animateurs), de personnel de sant\u00e9 (psychiatres, psychologues, infirmi\u00e8res, aide-soignante), et \u00e9galement de veilleurs et d\u2019une d\u2019assistante sociale. Ces \u00e9quipes pluridisciplinaires croisent le<\/p>\n","protected":false},"author":2,"featured_media":0,"parent":0,"menu_order":0,"comment_status":"closed","ping_status":"closed","template":"","meta":{"_exactmetrics_skip_tracking":false,"_exactmetrics_sitenote_active":false,"_exactmetrics_sitenote_note":"","_exactmetrics_sitenote_category":0,"footnotes":""},"class_list":["post-87","page","type-page","status-publish","hentry"],"yoast_head":"<!-- This site is optimized with the Yoast SEO plugin v27.3 - https:\/\/yoast.com\/product\/yoast-seo-wordpress\/ -->\n<title>Les \u00e9quipes - PLATEFORME CASTRES-ALBI<\/title>\n<meta name=\"robots\" content=\"index, follow, max-snippet:-1, max-image-preview:large, max-video-preview:-1\" \/>\n<link rel=\"canonical\" href=\"https:\/\/apajhetvous.apajh.org\/plateformecastresalbi\/lequipe\/\" \/>\n<meta property=\"og:locale\" content=\"fr_FR\" \/>\n<meta property=\"og:type\" content=\"article\" \/>\n<meta property=\"og:title\" content=\"Les \u00e9quipes - PLATEFORME CASTRES-ALBI\" \/>\n<meta property=\"og:description\" content=\"Plus de 70 professionnels accompagnent les personnes en situation de handicap. Les \u00e9quipes sont compos\u00e9es d\u2019\u00e9ducateurs (moniteurs \u00e9ducateurs, \u00e9ducateurs sp\u00e9cialis\u00e9s, moniteurs d\u2019atelier, \u00e9ducateurs techniques sp\u00e9cialis\u00e9s, \u00e9ducateur sportif, conseillers en \u00e9ducation sociale et familiale, animateurs), de personnel de sant\u00e9 (psychiatres, psychologues, infirmi\u00e8res, aide-soignante), et \u00e9galement de veilleurs et d\u2019une d\u2019assistante sociale. Ces \u00e9quipes pluridisciplinaires croisent le\" \/>\n<meta property=\"og:url\" content=\"https:\/\/apajhetvous.apajh.org\/plateformecastresalbi\/lequipe\/\" \/>\n<meta property=\"og:site_name\" content=\"PLATEFORME CASTRES-ALBI\" \/>\n<meta property=\"article:modified_time\" content=\"2020-06-15T11:49:45+00:00\" \/>\n<meta name=\"twitter:card\" content=\"summary_large_image\" \/>\n<meta name=\"twitter:label1\" content=\"Dur\u00e9e de lecture estim\u00e9e\" \/>\n\t<meta name=\"twitter:data1\" content=\"1 minute\" \/>\n<script type=\"application\/ld+json\" class=\"yoast-schema-graph\">{\"@context\":\"https:\\\/\\\/schema.org\",\"@graph\":[{\"@type\":\"WebPage\",\"@id\":\"https:\\\/\\\/apajhetvous.apajh.org\\\/plateformecastresalbi\\\/lequipe\\\/\",\"url\":\"https:\\\/\\\/apajhetvous.apajh.org\\\/plateformecastresalbi\\\/lequipe\\\/\",\"name\":\"Les \u00e9quipes - PLATEFORME CASTRES-ALBI\",\"isPartOf\":{\"@id\":\"http:\\\/\\\/apajhetvous.apajh.org\\\/plateformecastresalbi\\\/#website\"},\"datePublished\":\"2018-10-04T14:06:06+00:00\",\"dateModified\":\"2020-06-15T11:49:45+00:00\",\"breadcrumb\":{\"@id\":\"https:\\\/\\\/apajhetvous.apajh.org\\\/plateformecastresalbi\\\/lequipe\\\/#breadcrumb\"},\"inLanguage\":\"fr-FR\",\"potentialAction\":[{\"@type\":\"ReadAction\",\"target\":[\"https:\\\/\\\/apajhetvous.apajh.org\\\/plateformecastresalbi\\\/lequipe\\\/\"]}]},{\"@type\":\"BreadcrumbList\",\"@id\":\"https:\\\/\\\/apajhetvous.apajh.org\\\/plateformecastresalbi\\\/lequipe\\\/#breadcrumb\",\"itemListElement\":[{\"@type\":\"ListItem\",\"position\":1,\"name\":\"Accueil\",\"item\":\"http:\\\/\\\/apajhetvous.apajh.org\\\/plateformecastresalbi\\\/\"},{\"@type\":\"ListItem\",\"position\":2,\"name\":\"Les \u00e9quipes\"}]},{\"@type\":\"WebSite\",\"@id\":\"http:\\\/\\\/apajhetvous.apajh.org\\\/plateformecastresalbi\\\/#website\",\"url\":\"http:\\\/\\\/apajhetvous.apajh.org\\\/plateformecastresalbi\\\/\",\"name\":\"PLATEFORME CASTRES-ALBI\",\"description\":\"APAJH\",\"potentialAction\":[{\"@type\":\"SearchAction\",\"target\":{\"@type\":\"EntryPoint\",\"urlTemplate\":\"http:\\\/\\\/apajhetvous.apajh.org\\\/plateformecastresalbi\\\/?s={search_term_string}\"},\"query-input\":{\"@type\":\"PropertyValueSpecification\",\"valueRequired\":true,\"valueName\":\"search_term_string\"}}],\"inLanguage\":\"fr-FR\"}]}<\/script>\n<!-- \/ Yoast SEO plugin. -->","yoast_head_json":{"title":"Les \u00e9quipes - PLATEFORME CASTRES-ALBI","robots":{"index":"index","follow":"follow","max-snippet":"max-snippet:-1","max-image-preview":"max-image-preview:large","max-video-preview":"max-video-preview:-1"},"canonical":"https:\/\/apajhetvous.apajh.org\/plateformecastresalbi\/lequipe\/","og_locale":"fr_FR","og_type":"article","og_title":"Les \u00e9quipes - PLATEFORME CASTRES-ALBI","og_description":"Plus de 70 professionnels accompagnent les personnes en situation de handicap. Les \u00e9quipes sont compos\u00e9es d\u2019\u00e9ducateurs (moniteurs \u00e9ducateurs, \u00e9ducateurs sp\u00e9cialis\u00e9s, moniteurs d\u2019atelier, \u00e9ducateurs techniques sp\u00e9cialis\u00e9s, \u00e9ducateur sportif, conseillers en \u00e9ducation sociale et familiale, animateurs), de personnel de sant\u00e9 (psychiatres, psychologues, infirmi\u00e8res, aide-soignante), et \u00e9galement de veilleurs et d\u2019une d\u2019assistante sociale. Ces \u00e9quipes pluridisciplinaires croisent le","og_url":"https:\/\/apajhetvous.apajh.org\/plateformecastresalbi\/lequipe\/","og_site_name":"PLATEFORME CASTRES-ALBI","article_modified_time":"2020-06-15T11:49:45+00:00","twitter_card":"summary_large_image","twitter_misc":{"Dur\u00e9e de lecture estim\u00e9e":"1 minute"},"schema":{"@context":"https:\/\/schema.org","@graph":[{"@type":"WebPage","@id":"https:\/\/apajhetvous.apajh.org\/plateformecastresalbi\/lequipe\/","url":"https:\/\/apajhetvous.apajh.org\/plateformecastresalbi\/lequipe\/","name":"Les \u00e9quipes - PLATEFORME CASTRES-ALBI","isPartOf":{"@id":"http:\/\/apajhetvous.apajh.org\/plateformecastresalbi\/#website"},"datePublished":"2018-10-04T14:06:06+00:00","dateModified":"2020-06-15T11:49:45+00:00","breadcrumb":{"@id":"https:\/\/apajhetvous.apajh.org\/plateformecastresalbi\/lequipe\/#breadcrumb"},"inLanguage":"fr-FR","potentialAction":[{"@type":"ReadAction","target":["https:\/\/apajhetvous.apajh.org\/plateformecastresalbi\/lequipe\/"]}]},{"@type":"BreadcrumbList","@id":"https:\/\/apajhetvous.apajh.org\/plateformecastresalbi\/lequipe\/#breadcrumb","itemListElement":[{"@type":"ListItem","position":1,"name":"Accueil","item":"http:\/\/apajhetvous.apajh.org\/plateformecastresalbi\/"},{"@type":"ListItem","position":2,"name":"Les \u00e9quipes"}]},{"@type":"WebSite","@id":"http:\/\/apajhetvous.apajh.org\/plateformecastresalbi\/#website","url":"http:\/\/apajhetvous.apajh.org\/plateformecastresalbi\/","name":"PLATEFORME CASTRES-ALBI","description":"APAJH","potentialAction":[{"@type":"SearchAction","target":{"@type":"EntryPoint","urlTemplate":"http:\/\/apajhetvous.apajh.org\/plateformecastresalbi\/?s={search_term_string}"},"query-input":{"@type":"PropertyValueSpecification","valueRequired":true,"valueName":"search_term_string"}}],"inLanguage":"fr-FR"}]}},"_links":{"self":[{"href":"http:\/\/apajhetvous.apajh.org\/plateformecastresalbi\/wp-json\/wp\/v2\/pages\/87","targetHints":{"allow":["GET"]}}],"collection":[{"href":"http:\/\/apajhetvous.apajh.org\/plateformecastresalbi\/wp-json\/wp\/v2\/pages"}],"about":[{"href":"http:\/\/apajhetvous.apajh.org\/plateformecastresalbi\/wp-json\/wp\/v2\/types\/page"}],"author":[{"embeddable":true,"href":"http:\/\/apajhetvous.apajh.org\/plateformecastresalbi\/wp-json\/wp\/v2\/users\/2"}],"replies":[{"embeddable":true,"href":"http:\/\/apajhetvous.apajh.org\/plateformecastresalbi\/wp-json\/wp\/v2\/comments?post=87"}],"version-history":[{"count":6,"href":"http:\/\/apajhetvous.apajh.org\/plateformecastresalbi\/wp-json\/wp\/v2\/pages\/87\/revisions"}],"predecessor-version":[{"id":268,"href":"http:\/\/apajhetvous.apajh.org\/plateformecastresalbi\/wp-json\/wp\/v2\/pages\/87\/revisions\/268"}],"wp:attachment":[{"href":"http:\/\/apajhetvous.apajh.org\/plateformecastresalbi\/wp-json\/wp\/v2\/media?parent=87"}],"curies":[{"name":"wp","href":"https:\/\/api.w.org\/{rel}","templated":true}]}}