{"id":35,"date":"2018-09-10T17:19:05","date_gmt":"2018-09-10T15:19:05","guid":{"rendered":"http:\/\/apajhetvous.apajh.org\/plateformederepitdelain\/?page_id=35"},"modified":"2024-05-02T12:18:19","modified_gmt":"2024-05-02T10:18:19","slug":"le-projet","status":"publish","type":"page","link":"http:\/\/apajhetvous.apajh.org\/plateformederepitdelain\/le-projet\/","title":{"rendered":"Qui sommes-nous ?"},"content":{"rendered":"<p><a href=\"http:\/\/apajhetvous.apajh.org\/plateformederepitdelain\/wp-content\/uploads\/2023\/01\/logo-plateforme-01.jpg\"><img loading=\"lazy\" decoding=\"async\" class=\"size-full wp-image-858 aligncenter\" src=\"http:\/\/apajhetvous.apajh.org\/plateformederepitdelain\/wp-content\/uploads\/2023\/01\/logo-plateforme-01.jpg\" alt=\"\" width=\"513\" height=\"250\" srcset=\"http:\/\/apajhetvous.apajh.org\/plateformederepitdelain\/wp-content\/uploads\/2023\/01\/logo-plateforme-01.jpg 513w, http:\/\/apajhetvous.apajh.org\/plateformederepitdelain\/wp-content\/uploads\/2023\/01\/logo-plateforme-01-300x146.jpg 300w, http:\/\/apajhetvous.apajh.org\/plateformederepitdelain\/wp-content\/uploads\/2023\/01\/logo-plateforme-01-370x180.jpg 370w\" sizes=\"auto, (max-width: 513px) 100vw, 513px\" \/><\/a>La <strong>Plateforme de r\u00e9pit de l&rsquo;Ain<\/strong> s\u2019adresse aux aidants familiaux ou proches d\u2019une personne, enfant ou adulte, en situation de <strong>handicap<\/strong>.<\/p>\n<p>Elle vise \u00e0 :<\/p>\n<ul>\n<li><span style=\"color: #000000;\">Favoriser le maintien de la vie sociale et relationnelle de la personne et de son <strong>aidant<\/strong><\/span><\/li>\n<li><span style=\"color: #000000;\">\u00c9viter l\u2019\u00e9puisement de l\u2019aidant<\/span><\/li>\n<li><span style=\"color: #000000;\">Lutter contre l\u2019isolement<\/span><\/li>\n<li><span style=\"color: #000000;\">Favoriser la poursuite de la vie \u00e0 domicile dans les meilleures conditions possibles<\/span><\/li>\n<\/ul>\n<h3><span style=\"color: #008000;\"><strong>QUI SONT LES AIDANTS ?<\/strong><\/span><\/h3>\n<p>Ce sont les membres de la famille : p\u00e8re, m\u00e8re, conjoint, fr\u00e8re, s\u0153ur, grands-parents, oncle, tante ainsi que les amis et l\u2019entourage.<\/p>\n<p><span style=\"color: #cc216e;\">Exemples<\/span> :<\/p>\n<p>\u00ab\u00a0J&rsquo;ai un enfant en situation de handicap. Je cherche une solution pour aller \u00e0 mes rendez-vous m\u00e9dicaux\u00a0\u00bb<\/p>\n<p>\u00ab\u00a0J&rsquo;ai 16 ans et j&rsquo;aide ma m\u00e8re en situation de handicap\u00a0\u00bb<\/p>\n<p>\u00ab\u00a0Je souhaiterais une formation car j&rsquo;ai besoin de mieux comprendre le handicap de mon fils\u00a0\u00bb<\/p>\n<p>\u00ab\u00a0Je suis aidant de mon enfant en situation de handicap et de mes parents vieillissants\u00a0\u00bb<\/p>\n<h3><span style=\"color: #008000;\"><strong>LES MISSIONS DE LA PLATEFORME DE R\u00c9PIT<\/strong><\/span><\/h3>\n<p>La plateforme est un dispositif destin\u00e9 aux aidants de personne en situation de handicap, enfants et adultes, habitant le d\u00e9partement de l&rsquo;Ain.<\/p>\n<p><span style=\"color: #000000;\">Nos missions :<\/span><\/p>\n<ul>\n<li><span style=\"color: #000000;\">R\u00e9pondre \u00e0 vos besoins d&rsquo;informations, d&rsquo;\u00e9coute et de conseils<\/span><\/li>\n<li><span style=\"color: #000000;\">Vous soutenir dans la mise en place d&rsquo;un projet de r\u00e9pit<\/span><\/li>\n<li><span style=\"color: #000000;\">Vous guider dans les d\u00e9marches administratives et aupr\u00e8s des partenaires adapt\u00e9s : MDPH, aides \u00e0 domicile, \u00e9tablissements m\u00e9dico-sociaux, \u00e9coles&#8230;<\/span><\/li>\n<li><span style=\"color: #000000;\">Vous soutenir dans votre vie sociale, relationnelle et professionnelle<\/span><\/li>\n<li><span style=\"color: #000000;\">Etre un lieu ressource pour les professionnels<\/span><\/li>\n<\/ul>\n<h3><span style=\"color: #008000;\"><strong>L&rsquo;EQUIPE<\/strong><\/span><\/h3>\n<p>L\u2019\u00e9quipe de la plateforme est compos\u00e9e d\u2019une directrice adjointe, d&rsquo;une cheffe de service, d&rsquo;une assistante de direction, d&rsquo;une conseill\u00e8re en \u00e9conomie sociale et familiale et d&rsquo;une \u00e9ducatrice sp\u00e9cialis\u00e9e<\/p>\n<div class=\"wp-block-image\"><a href=\"http:\/\/apajhetvous.apajh.org\/plateformederepitdelain\/wp-content\/uploads\/2023\/01\/round-pushpin_1f4cd.png\"><img loading=\"lazy\" decoding=\"async\" class=\"wp-image-864 alignleft\" src=\"http:\/\/apajhetvous.apajh.org\/plateformederepitdelain\/wp-content\/uploads\/2023\/01\/round-pushpin_1f4cd.png\" alt=\"\" width=\"52\" height=\"52\" srcset=\"http:\/\/apajhetvous.apajh.org\/plateformederepitdelain\/wp-content\/uploads\/2023\/01\/round-pushpin_1f4cd.png 256w, http:\/\/apajhetvous.apajh.org\/plateformederepitdelain\/wp-content\/uploads\/2023\/01\/round-pushpin_1f4cd-150x150.png 150w\" sizes=\"auto, (max-width: 52px) 100vw, 52px\" \/><\/a><b>O\u00f9 nous trouver :\u00a0<\/b><\/div>\n<div class=\"wp-block-image\">\n<div><b>244 rue du Point du Jour<\/b><\/div>\n<div><b>Entr\u00e9e A &#8211; 1er \u00e9tage<\/b><\/div>\n<div><b>01000 SAINT-DENIS-LES-BOURG<\/b><\/div>\n<\/div>\n<p><a href=\"http:\/\/apajhetvous.apajh.org\/plateformederepitdelain\/wp-content\/uploads\/2023\/01\/2022_plaquette-PRA.pdf\"><img loading=\"lazy\" decoding=\"async\" class=\"\" src=\"https:\/\/images.emojiterra.com\/google\/noto-emoji\/v2.034\/128px\/1f449.png\" alt=\"Google (Android 12L)\" width=\"24\" height=\"24\" \/>Consulter la plaquette de pr\u00e9sentation de la Plateforme de R\u00e9pit<\/a><\/p>\n<p><iframe loading=\"lazy\" title=\"Pr\u00e9sentation Plateforme de r\u00e9pit des aidants de l&#039;Ain\" width=\"640\" height=\"360\" src=\"https:\/\/www.youtube.com\/embed\/OWmezhIWA4o?feature=oembed\" frameborder=\"0\" allow=\"accelerometer; autoplay; clipboard-write; encrypted-media; gyroscope; picture-in-picture; web-share\" referrerpolicy=\"strict-origin-when-cross-origin\" allowfullscreen><\/iframe><\/p>\n<p>&nbsp;<\/p>\n","protected":false},"excerpt":{"rendered":"<p>La Plateforme de r\u00e9pit de l&rsquo;Ain s\u2019adresse aux aidants familiaux ou proches d\u2019une personne, enfant ou adulte, en situation de handicap. Elle vise \u00e0 : Favoriser le maintien de la vie sociale et relationnelle de la personne et de son aidant \u00c9viter l\u2019\u00e9puisement de l\u2019aidant Lutter contre l\u2019isolement Favoriser la poursuite de la vie \u00e0<\/p>\n","protected":false},"author":1,"featured_media":0,"parent":0,"menu_order":0,"comment_status":"closed","ping_status":"closed","template":"","meta":{"_exactmetrics_skip_tracking":false,"_exactmetrics_sitenote_active":false,"_exactmetrics_sitenote_note":"","_exactmetrics_sitenote_category":0,"footnotes":""},"class_list":["post-35","page","type-page","status-publish","hentry"],"yoast_head":"<!-- This site is optimized with the Yoast SEO plugin v27.3 - https:\/\/yoast.com\/product\/yoast-seo-wordpress\/ -->\n<title>Qui sommes-nous ? - PLATEFORME DE R\u00c9PIT DE L&#039;AIN<\/title>\n<meta name=\"robots\" content=\"index, follow, max-snippet:-1, max-image-preview:large, max-video-preview:-1\" \/>\n<link rel=\"canonical\" href=\"https:\/\/apajhetvous.apajh.org\/plateformederepitdelain\/le-projet\/\" \/>\n<meta property=\"og:locale\" content=\"fr_FR\" \/>\n<meta property=\"og:type\" content=\"article\" \/>\n<meta property=\"og:title\" content=\"Qui sommes-nous ? - PLATEFORME DE R\u00c9PIT DE L&#039;AIN\" \/>\n<meta property=\"og:description\" content=\"La Plateforme de r\u00e9pit de l&rsquo;Ain s\u2019adresse aux aidants familiaux ou proches d\u2019une personne, enfant ou adulte, en situation de handicap. Elle vise \u00e0 : Favoriser le maintien de la vie sociale et relationnelle de la personne et de son aidant \u00c9viter l\u2019\u00e9puisement de l\u2019aidant Lutter contre l\u2019isolement Favoriser la poursuite de la vie \u00e0\" \/>\n<meta property=\"og:url\" content=\"https:\/\/apajhetvous.apajh.org\/plateformederepitdelain\/le-projet\/\" \/>\n<meta property=\"og:site_name\" content=\"PLATEFORME DE R\u00c9PIT DE L&#039;AIN\" \/>\n<meta property=\"article:modified_time\" content=\"2024-05-02T10:18:19+00:00\" \/>\n<meta property=\"og:image\" content=\"http:\/\/apajhetvous.apajh.org\/plateformederepitdelain\/wp-content\/uploads\/2023\/01\/logo-plateforme-01.jpg\" \/>\n<meta name=\"twitter:card\" content=\"summary_large_image\" \/>\n<meta name=\"twitter:label1\" content=\"Dur\u00e9e de lecture estim\u00e9e\" \/>\n\t<meta name=\"twitter:data1\" content=\"3 minutes\" \/>\n<script type=\"application\/ld+json\" class=\"yoast-schema-graph\">{\"@context\":\"https:\\\/\\\/schema.org\",\"@graph\":[{\"@type\":\"WebPage\",\"@id\":\"https:\\\/\\\/apajhetvous.apajh.org\\\/plateformederepitdelain\\\/le-projet\\\/\",\"url\":\"https:\\\/\\\/apajhetvous.apajh.org\\\/plateformederepitdelain\\\/le-projet\\\/\",\"name\":\"Qui sommes-nous ? - PLATEFORME DE R\u00c9PIT DE L&#039;AIN\",\"isPartOf\":{\"@id\":\"https:\\\/\\\/apajhetvous.apajh.org\\\/plateformederepitdelain\\\/#website\"},\"primaryImageOfPage\":{\"@id\":\"https:\\\/\\\/apajhetvous.apajh.org\\\/plateformederepitdelain\\\/le-projet\\\/#primaryimage\"},\"image\":{\"@id\":\"https:\\\/\\\/apajhetvous.apajh.org\\\/plateformederepitdelain\\\/le-projet\\\/#primaryimage\"},\"thumbnailUrl\":\"http:\\\/\\\/apajhetvous.apajh.org\\\/plateformederepitdelain\\\/wp-content\\\/uploads\\\/2023\\\/01\\\/logo-plateforme-01.jpg\",\"datePublished\":\"2018-09-10T15:19:05+00:00\",\"dateModified\":\"2024-05-02T10:18:19+00:00\",\"breadcrumb\":{\"@id\":\"https:\\\/\\\/apajhetvous.apajh.org\\\/plateformederepitdelain\\\/le-projet\\\/#breadcrumb\"},\"inLanguage\":\"fr-FR\",\"potentialAction\":[{\"@type\":\"ReadAction\",\"target\":[\"https:\\\/\\\/apajhetvous.apajh.org\\\/plateformederepitdelain\\\/le-projet\\\/\"]}]},{\"@type\":\"ImageObject\",\"inLanguage\":\"fr-FR\",\"@id\":\"https:\\\/\\\/apajhetvous.apajh.org\\\/plateformederepitdelain\\\/le-projet\\\/#primaryimage\",\"url\":\"http:\\\/\\\/apajhetvous.apajh.org\\\/plateformederepitdelain\\\/wp-content\\\/uploads\\\/2023\\\/01\\\/logo-plateforme-01.jpg\",\"contentUrl\":\"http:\\\/\\\/apajhetvous.apajh.org\\\/plateformederepitdelain\\\/wp-content\\\/uploads\\\/2023\\\/01\\\/logo-plateforme-01.jpg\"},{\"@type\":\"BreadcrumbList\",\"@id\":\"https:\\\/\\\/apajhetvous.apajh.org\\\/plateformederepitdelain\\\/le-projet\\\/#breadcrumb\",\"itemListElement\":[{\"@type\":\"ListItem\",\"position\":1,\"name\":\"Accueil\",\"item\":\"https:\\\/\\\/apajhetvous.apajh.org\\\/plateformederepitdelain\\\/\"},{\"@type\":\"ListItem\",\"position\":2,\"name\":\"Qui sommes-nous ?\"}]},{\"@type\":\"WebSite\",\"@id\":\"https:\\\/\\\/apajhetvous.apajh.org\\\/plateformederepitdelain\\\/#website\",\"url\":\"https:\\\/\\\/apajhetvous.apajh.org\\\/plateformederepitdelain\\\/\",\"name\":\"PLATEFORME DE R\u00c9PIT DE L&#039;AIN\",\"description\":\"APAJH\",\"potentialAction\":[{\"@type\":\"SearchAction\",\"target\":{\"@type\":\"EntryPoint\",\"urlTemplate\":\"https:\\\/\\\/apajhetvous.apajh.org\\\/plateformederepitdelain\\\/?s={search_term_string}\"},\"query-input\":{\"@type\":\"PropertyValueSpecification\",\"valueRequired\":true,\"valueName\":\"search_term_string\"}}],\"inLanguage\":\"fr-FR\"}]}<\/script>\n<!-- \/ Yoast SEO plugin. -->","yoast_head_json":{"title":"Qui sommes-nous ? - PLATEFORME DE R\u00c9PIT DE L&#039;AIN","robots":{"index":"index","follow":"follow","max-snippet":"max-snippet:-1","max-image-preview":"max-image-preview:large","max-video-preview":"max-video-preview:-1"},"canonical":"https:\/\/apajhetvous.apajh.org\/plateformederepitdelain\/le-projet\/","og_locale":"fr_FR","og_type":"article","og_title":"Qui sommes-nous ? - PLATEFORME DE R\u00c9PIT DE L&#039;AIN","og_description":"La Plateforme de r\u00e9pit de l&rsquo;Ain s\u2019adresse aux aidants familiaux ou proches d\u2019une personne, enfant ou adulte, en situation de handicap. Elle vise \u00e0 : Favoriser le maintien de la vie sociale et relationnelle de la personne et de son aidant \u00c9viter l\u2019\u00e9puisement de l\u2019aidant Lutter contre l\u2019isolement Favoriser la poursuite de la vie \u00e0","og_url":"https:\/\/apajhetvous.apajh.org\/plateformederepitdelain\/le-projet\/","og_site_name":"PLATEFORME DE R\u00c9PIT DE L&#039;AIN","article_modified_time":"2024-05-02T10:18:19+00:00","og_image":[{"url":"http:\/\/apajhetvous.apajh.org\/plateformederepitdelain\/wp-content\/uploads\/2023\/01\/logo-plateforme-01.jpg","type":"","width":"","height":""}],"twitter_card":"summary_large_image","twitter_misc":{"Dur\u00e9e de lecture estim\u00e9e":"3 minutes"},"schema":{"@context":"https:\/\/schema.org","@graph":[{"@type":"WebPage","@id":"https:\/\/apajhetvous.apajh.org\/plateformederepitdelain\/le-projet\/","url":"https:\/\/apajhetvous.apajh.org\/plateformederepitdelain\/le-projet\/","name":"Qui sommes-nous ? - PLATEFORME DE R\u00c9PIT DE L&#039;AIN","isPartOf":{"@id":"https:\/\/apajhetvous.apajh.org\/plateformederepitdelain\/#website"},"primaryImageOfPage":{"@id":"https:\/\/apajhetvous.apajh.org\/plateformederepitdelain\/le-projet\/#primaryimage"},"image":{"@id":"https:\/\/apajhetvous.apajh.org\/plateformederepitdelain\/le-projet\/#primaryimage"},"thumbnailUrl":"http:\/\/apajhetvous.apajh.org\/plateformederepitdelain\/wp-content\/uploads\/2023\/01\/logo-plateforme-01.jpg","datePublished":"2018-09-10T15:19:05+00:00","dateModified":"2024-05-02T10:18:19+00:00","breadcrumb":{"@id":"https:\/\/apajhetvous.apajh.org\/plateformederepitdelain\/le-projet\/#breadcrumb"},"inLanguage":"fr-FR","potentialAction":[{"@type":"ReadAction","target":["https:\/\/apajhetvous.apajh.org\/plateformederepitdelain\/le-projet\/"]}]},{"@type":"ImageObject","inLanguage":"fr-FR","@id":"https:\/\/apajhetvous.apajh.org\/plateformederepitdelain\/le-projet\/#primaryimage","url":"http:\/\/apajhetvous.apajh.org\/plateformederepitdelain\/wp-content\/uploads\/2023\/01\/logo-plateforme-01.jpg","contentUrl":"http:\/\/apajhetvous.apajh.org\/plateformederepitdelain\/wp-content\/uploads\/2023\/01\/logo-plateforme-01.jpg"},{"@type":"BreadcrumbList","@id":"https:\/\/apajhetvous.apajh.org\/plateformederepitdelain\/le-projet\/#breadcrumb","itemListElement":[{"@type":"ListItem","position":1,"name":"Accueil","item":"https:\/\/apajhetvous.apajh.org\/plateformederepitdelain\/"},{"@type":"ListItem","position":2,"name":"Qui sommes-nous ?"}]},{"@type":"WebSite","@id":"https:\/\/apajhetvous.apajh.org\/plateformederepitdelain\/#website","url":"https:\/\/apajhetvous.apajh.org\/plateformederepitdelain\/","name":"PLATEFORME DE R\u00c9PIT DE L&#039;AIN","description":"APAJH","potentialAction":[{"@type":"SearchAction","target":{"@type":"EntryPoint","urlTemplate":"https:\/\/apajhetvous.apajh.org\/plateformederepitdelain\/?s={search_term_string}"},"query-input":{"@type":"PropertyValueSpecification","valueRequired":true,"valueName":"search_term_string"}}],"inLanguage":"fr-FR"}]}},"_links":{"self":[{"href":"http:\/\/apajhetvous.apajh.org\/plateformederepitdelain\/wp-json\/wp\/v2\/pages\/35","targetHints":{"allow":["GET"]}}],"collection":[{"href":"http:\/\/apajhetvous.apajh.org\/plateformederepitdelain\/wp-json\/wp\/v2\/pages"}],"about":[{"href":"http:\/\/apajhetvous.apajh.org\/plateformederepitdelain\/wp-json\/wp\/v2\/types\/page"}],"author":[{"embeddable":true,"href":"http:\/\/apajhetvous.apajh.org\/plateformederepitdelain\/wp-json\/wp\/v2\/users\/1"}],"replies":[{"embeddable":true,"href":"http:\/\/apajhetvous.apajh.org\/plateformederepitdelain\/wp-json\/wp\/v2\/comments?post=35"}],"version-history":[{"count":23,"href":"http:\/\/apajhetvous.apajh.org\/plateformederepitdelain\/wp-json\/wp\/v2\/pages\/35\/revisions"}],"predecessor-version":[{"id":1363,"href":"http:\/\/apajhetvous.apajh.org\/plateformederepitdelain\/wp-json\/wp\/v2\/pages\/35\/revisions\/1363"}],"wp:attachment":[{"href":"http:\/\/apajhetvous.apajh.org\/plateformederepitdelain\/wp-json\/wp\/v2\/media?parent=35"}],"curies":[{"name":"wp","href":"https:\/\/api.w.org\/{rel}","templated":true}]}}