{"version":"1.0","provider_name":"SIAM 92 - APAJH&amp;VOUS","provider_url":"https:\/\/apajhetvous.apajh.org\/SIAM92","author_name":"Tanguy Sicard","author_url":"https:\/\/apajhetvous.apajh.org\/SIAM92\/author\/tanguy\/","title":"Salon du livre adapt\u00e9 2024 - SIAM 92 - APAJH&amp;VOUS","type":"rich","width":600,"height":338,"html":"<blockquote class=\"wp-embedded-content\" data-secret=\"wGUsgsgQ8D\"><a href=\"https:\/\/apajhetvous.apajh.org\/SIAM92\/salon-du-livre-adapte-2024\/\">Salon du livre adapt\u00e9 2024<\/a><\/blockquote><iframe sandbox=\"allow-scripts\" security=\"restricted\" src=\"https:\/\/apajhetvous.apajh.org\/SIAM92\/salon-du-livre-adapte-2024\/embed\/#?secret=wGUsgsgQ8D\" width=\"600\" height=\"338\" title=\"\u00ab\u00a0Salon du livre adapt\u00e9 2024\u00a0\u00bb &#8212; SIAM 92 - APAJH&amp;VOUS\" data-secret=\"wGUsgsgQ8D\" frameborder=\"0\" marginwidth=\"0\" marginheight=\"0\" scrolling=\"no\" class=\"wp-embedded-content\"><\/iframe><script type=\"text\/javascript\">\n\/* <![CDATA[ *\/\n\/*! This file is auto-generated *\/\n!function(d,l){\"use strict\";l.querySelector&&d.addEventListener&&\"undefined\"!=typeof URL&&(d.wp=d.wp||{},d.wp.receiveEmbedMessage||(d.wp.receiveEmbedMessage=function(e){var t=e.data;if((t||t.secret||t.message||t.value)&&!\/[^a-zA-Z0-9]\/.test(t.secret)){for(var s,r,n,a=l.querySelectorAll('iframe[data-secret=\"'+t.secret+'\"]'),o=l.querySelectorAll('blockquote[data-secret=\"'+t.secret+'\"]'),c=new RegExp(\"^https?:$\",\"i\"),i=0;i<o.length;i++)o[i].style.display=\"none\";for(i=0;i<a.length;i++)s=a[i],e.source===s.contentWindow&&(s.removeAttribute(\"style\"),\"height\"===t.message?(1e3<(r=parseInt(t.value,10))?r=1e3:~~r<200&&(r=200),s.height=r):\"link\"===t.message&&(r=new URL(s.getAttribute(\"src\")),n=new URL(t.value),c.test(n.protocol))&&n.host===r.host&&l.activeElement===s&&(d.top.location.href=t.value))}},d.addEventListener(\"message\",d.wp.receiveEmbedMessage,!1),l.addEventListener(\"DOMContentLoaded\",function(){for(var e,t,s=l.querySelectorAll(\"iframe.wp-embedded-content\"),r=0;r<s.length;r++)(t=(e=s[r]).getAttribute(\"data-secret\"))||(t=Math.random().toString(36).substring(2,12),e.src+=\"#?secret=\"+t,e.setAttribute(\"data-secret\",t)),e.contentWindow.postMessage({message:\"ready\",secret:t},\"*\")},!1)))}(window,document);\n\/\/# sourceURL=https:\/\/apajhetvous.apajh.org\/SIAM92\/wp-includes\/js\/wp-embed.min.js\n\/* ]]> *\/\n<\/script>\n","thumbnail_url":"http:\/\/apajhetvous.apajh.org\/SIAM92\/wp-content\/uploads\/2024\/05\/Affiche-salon-du-livre.png","thumbnail_width":1587,"thumbnail_height":2245,"description":"Le salon du livre adapt\u00e9 aura lieu les 14 et 15 juin 2024 \u00e0 la salle des f\u00eates de la mairie du 14\u00e8me arrondissement de 10h \u00e0 18h. Le salon du livre adapt\u00e9 est un \u00e9v\u00e9nement qui c\u00e9l\u00e8bre la diversit\u00e9 de la lecture et l\u2019acc\u00e8s \u00e0 la culture pour tous : Le Salon du Livre"}

Salon du livre adapté 2024 - SIAM 92 - APAJH&amp;VOUS

<blockquote class="wp-embedded-content" data-secret="wGUsgsgQ8D"><a href="https://apajhetvous.apajh.org/SIAM92/salon-du-livre-adapte-2024/">Salon du livre adapté 2024</a></blockquote><iframe sandbox="allow-scripts" security="restricted" src="https://apajhetvous.apajh.org/SIAM92/salon-du-livre-adapte-2024/embed/#?secret=wGUsgsgQ8D" width="600" height="338" title="« Salon du livre adapté 2024 » &#8212; SIAM 92 - APAJH&amp;VOUS" data-secret="wGUsgsgQ8D" frameborder="0" marginwidth="0" marginheight="0" scrolling="no" class="wp-embedded-content"></iframe><script type="text/javascript">
/* <![CDATA[ */
/*! This file is auto-generated */
!function(d,l){"use strict";l.querySelector&&d.addEventListener&&"undefined"!=typeof URL&&(d.wp=d.wp||{},d.wp.receiveEmbedMessage||(d.wp.receiveEmbedMessage=function(e){var t=e.data;if((t||t.secret||t.message||t.value)&&!/[^a-zA-Z0-9]/.test(t.secret)){for(var s,r,n,a=l.querySelectorAll('iframe[data-secret="'+t.secret+'"]'),o=l.querySelectorAll('blockquote[data-secret="'+t.secret+'"]'),c=new RegExp("^https?:$","i"),i=0;i<o.length;i++)o[i].style.display="none";for(i=0;i<a.length;i++)s=a[i],e.source===s.contentWindow&&(s.removeAttribute("style"),"height"===t.message?(1e3<(r=parseInt(t.value,10))?r=1e3:~~r<200&&(r=200),s.height=r):"link"===t.message&&(r=new URL(s.getAttribute("src")),n=new URL(t.value),c.test(n.protocol))&&n.host===r.host&&l.activeElement===s&&(d.top.location.href=t.value))}},d.addEventListener("message",d.wp.receiveEmbedMessage,!1),l.addEventListener("DOMContentLoaded",function(){for(var e,t,s=l.querySelectorAll("iframe.wp-embedded-content"),r=0;r<s.length;r++)(t=(e=s[r]).getAttribute("data-secret"))||(t=Math.random().toString(36).substring(2,12),e.src+="#?secret="+t,e.setAttribute("data-secret",t)),e.contentWindow.postMessage({message:"ready",secret:t},"*")},!1)))}(window,document);
//# sourceURL=https://apajhetvous.apajh.org/SIAM92/wp-includes/js/wp-embed.min.js
/* ]]> */
</script>

Le salon du livre adapté aura lieu les 14 et 15 juin 2024 à la salle des fêtes de la mairie du 14ème arrondissement de 10h à 18h. Le salon du livre adapté est un événement qui célèbre la diversité de la lecture et l’accès à la culture pour tous : Le Salon du Livre
