{"id":244,"date":"2022-05-18T15:42:47","date_gmt":"2022-05-18T13:42:47","guid":{"rendered":"http:\/\/apajhetvous.apajh.org\/esat-levallois\/?page_id=244"},"modified":"2022-07-28T10:03:31","modified_gmt":"2022-07-28T08:03:31","slug":"nos-partenaires","status":"publish","type":"page","link":"https:\/\/apajhetvous.apajh.org\/esat-levallois\/nos-partenaires\/","title":{"rendered":"Nos partenaires"},"content":{"rendered":"<h3>Les partenariats m\u00e9dico-sociaux :<\/h3>\n<p><strong>Enseignement\u00a0:<\/strong><\/p>\n<p>Entreprise de formation ASTER ( soutien lecture, \u00e9criture, bureautique \u2026)<\/p>\n<p><strong>Insertion professionnelle\u00a0:<\/strong><\/p>\n<p>Centres de formations<\/p>\n<p>ESAT environnants, afin de permettre aux travailleurs de d\u00e9couvrir des ateliers diff\u00e9rents et d\u2019\u00e9voluer sur leurs projets professionnels<\/p>\n<p>Instituts M\u00e9dico Educatifs (IME) et Professionnels (IMPro)<\/p>\n<p><strong>Commerciaux et \u00e9conomiques :<\/strong><\/p>\n<p>Clients, entreprises priv\u00e9es, entreprises adapt\u00e9es, communes, CAP emploi \u2026<\/p>\n<p><strong>M\u00e9dical :<\/strong><\/p>\n<p>CMP d&rsquo;Ile de France<\/p>\n<p>H\u00f4pitaux de jour de Clichy, HJ Denis Croissant<\/p>\n<p>professionnels de sant\u00e9 (planning familial; psychologue; m\u00e9decin psychiatre)<\/p>\n<p>M\u00e9decine du travail<\/p>\n<p><strong>\u00a0<\/strong><strong>Social\u00a0:<\/strong><\/p>\n<p>R\u00e9seau 92 Nord<\/p>\n<p>Foyer d\u2019h\u00e9bergement du Phare Neuilly , des Graviers de Neuilly, Evelyne Conte de Villeneuve La Garenne, de Nanterre de Bernard Lafay (Paris 17e) .<\/p>\n<p>SAVS Colombes ,Levallois, Vanves, Argenteuil, Villeneuve la Garenne, Poissy<\/p>\n<p>Groupe d\u2019Entraide Mutuelle \u00e0 Levallois<\/p>\n<p><strong>Institutionnel\u00a0: <\/strong><\/p>\n<p>MDPH d&rsquo;Ile de France<\/p>\n<p>Mandataires judiciaires (UDAF 75, AT 92) et mandataires priv\u00e9s<\/p>\n<p>Mairie de Levallois<\/p>\n<p>CAF Ile de France<\/p>\n<p>ARS 92<\/p>\n<p>Conseil d\u00e9partemental<\/p>\n<p>Conseil r\u00e9gional<\/p>\n<p><strong>Les clients et entreprises partenaires\u00a0:<\/strong><\/p>\n<p>IFF, FONDATION PARTAGE ET VIE, LEFORT FRANCHETEAU, SOPARTEX, IPSEN PHARMA, MARCOVASCO, LVMH FRAGRANCE BRANDS, SOCIETE 2AB, CLARINS, PHIBOR, NEOXAM INVESTMENT ACCOUNTING, AWE, BAOBAB, SPAT, EDITIONS LARIVIERE, AECS, L\u2019OREAL, CMI, INTERPARFUMS, AMARIS, GUERLAIN SA, FEDERAL MOGUL, EP2C, MON PARIS, PUIG France, LUSIS, OCY, ADAFORSS, TELEPERFORMANCE, ALANN MARK\u2019S, SYRINX, SOFIBEL, ENTREPRISE ADAPTEE\u00a0 LEVALLOIS, SIEGE APAJH, FAM APAJH, CEGELEC, LE BON COIN, EN 10 SAVEURS, UNIS CITE SOLIDARITE ENTREPRISES<\/p>\n<p>&nbsp;<\/p>\n<p>&nbsp;<\/p>\n","protected":false},"excerpt":{"rendered":"<p>Les partenariats m\u00e9dico-sociaux : Enseignement\u00a0: Entreprise de formation ASTER ( soutien lecture, \u00e9criture, bureautique \u2026) Insertion professionnelle\u00a0: Centres de formations ESAT environnants, afin de permettre aux travailleurs de d\u00e9couvrir des ateliers diff\u00e9rents et d\u2019\u00e9voluer sur leurs projets professionnels Instituts M\u00e9dico Educatifs (IME) et Professionnels (IMPro) Commerciaux et \u00e9conomiques : Clients, entreprises priv\u00e9es, entreprises adapt\u00e9es, communes,<\/p>\n","protected":false},"author":1,"featured_media":0,"parent":0,"menu_order":0,"comment_status":"closed","ping_status":"closed","template":"","meta":{"_exactmetrics_skip_tracking":false,"_exactmetrics_sitenote_active":false,"_exactmetrics_sitenote_note":"","_exactmetrics_sitenote_category":0,"footnotes":""},"class_list":["post-244","page","type-page","status-publish","hentry"],"yoast_head":"<!-- This site is optimized with the Yoast SEO plugin v27.3 - https:\/\/yoast.com\/product\/yoast-seo-wordpress\/ -->\n<title>Nos partenaires - Le magazine de l&#039;ESAT de Levallois-Perret<\/title>\n<meta name=\"robots\" content=\"index, follow, max-snippet:-1, max-image-preview:large, max-video-preview:-1\" \/>\n<link rel=\"canonical\" href=\"https:\/\/apajhetvous.apajh.org\/esat-levallois\/nos-partenaires\/\" \/>\n<meta property=\"og:locale\" content=\"fr_FR\" \/>\n<meta property=\"og:type\" content=\"article\" \/>\n<meta property=\"og:title\" content=\"Nos partenaires - Le magazine de l&#039;ESAT de Levallois-Perret\" \/>\n<meta property=\"og:description\" content=\"Les partenariats m\u00e9dico-sociaux : Enseignement\u00a0: Entreprise de formation ASTER ( soutien lecture, \u00e9criture, bureautique \u2026) Insertion professionnelle\u00a0: Centres de formations ESAT environnants, afin de permettre aux travailleurs de d\u00e9couvrir des ateliers diff\u00e9rents et d\u2019\u00e9voluer sur leurs projets professionnels Instituts M\u00e9dico Educatifs (IME) et Professionnels (IMPro) Commerciaux et \u00e9conomiques : Clients, entreprises priv\u00e9es, entreprises adapt\u00e9es, communes,\" \/>\n<meta property=\"og:url\" content=\"https:\/\/apajhetvous.apajh.org\/esat-levallois\/nos-partenaires\/\" \/>\n<meta property=\"og:site_name\" content=\"Le magazine de l&#039;ESAT de Levallois-Perret\" \/>\n<meta property=\"article:modified_time\" content=\"2022-07-28T08:03:31+00:00\" \/>\n<meta name=\"twitter:card\" content=\"summary_large_image\" \/>\n<meta name=\"twitter:label1\" content=\"Dur\u00e9e de lecture estim\u00e9e\" \/>\n\t<meta name=\"twitter:data1\" content=\"1 minute\" \/>\n<script type=\"application\/ld+json\" class=\"yoast-schema-graph\">{\"@context\":\"https:\\\/\\\/schema.org\",\"@graph\":[{\"@type\":\"WebPage\",\"@id\":\"https:\\\/\\\/apajhetvous.apajh.org\\\/esat-levallois\\\/nos-partenaires\\\/\",\"url\":\"https:\\\/\\\/apajhetvous.apajh.org\\\/esat-levallois\\\/nos-partenaires\\\/\",\"name\":\"Nos partenaires - Le magazine de l&#039;ESAT de Levallois-Perret\",\"isPartOf\":{\"@id\":\"https:\\\/\\\/apajhetvous.apajh.org\\\/esat-levallois\\\/#website\"},\"datePublished\":\"2022-05-18T13:42:47+00:00\",\"dateModified\":\"2022-07-28T08:03:31+00:00\",\"breadcrumb\":{\"@id\":\"https:\\\/\\\/apajhetvous.apajh.org\\\/esat-levallois\\\/nos-partenaires\\\/#breadcrumb\"},\"inLanguage\":\"fr-FR\",\"potentialAction\":[{\"@type\":\"ReadAction\",\"target\":[\"https:\\\/\\\/apajhetvous.apajh.org\\\/esat-levallois\\\/nos-partenaires\\\/\"]}]},{\"@type\":\"BreadcrumbList\",\"@id\":\"https:\\\/\\\/apajhetvous.apajh.org\\\/esat-levallois\\\/nos-partenaires\\\/#breadcrumb\",\"itemListElement\":[{\"@type\":\"ListItem\",\"position\":1,\"name\":\"Accueil\",\"item\":\"https:\\\/\\\/apajhetvous.apajh.org\\\/esat-levallois\\\/\"},{\"@type\":\"ListItem\",\"position\":2,\"name\":\"Nos partenaires\"}]},{\"@type\":\"WebSite\",\"@id\":\"https:\\\/\\\/apajhetvous.apajh.org\\\/esat-levallois\\\/#website\",\"url\":\"https:\\\/\\\/apajhetvous.apajh.org\\\/esat-levallois\\\/\",\"name\":\"Le magazine de l&#039;ESAT de Levallois-Perret\",\"description\":\"APAJH &amp; VOUS\",\"potentialAction\":[{\"@type\":\"SearchAction\",\"target\":{\"@type\":\"EntryPoint\",\"urlTemplate\":\"https:\\\/\\\/apajhetvous.apajh.org\\\/esat-levallois\\\/?s={search_term_string}\"},\"query-input\":{\"@type\":\"PropertyValueSpecification\",\"valueRequired\":true,\"valueName\":\"search_term_string\"}}],\"inLanguage\":\"fr-FR\"}]}<\/script>\n<!-- \/ Yoast SEO plugin. -->","yoast_head_json":{"title":"Nos partenaires - Le magazine de l&#039;ESAT de Levallois-Perret","robots":{"index":"index","follow":"follow","max-snippet":"max-snippet:-1","max-image-preview":"max-image-preview:large","max-video-preview":"max-video-preview:-1"},"canonical":"https:\/\/apajhetvous.apajh.org\/esat-levallois\/nos-partenaires\/","og_locale":"fr_FR","og_type":"article","og_title":"Nos partenaires - Le magazine de l&#039;ESAT de Levallois-Perret","og_description":"Les partenariats m\u00e9dico-sociaux : Enseignement\u00a0: Entreprise de formation ASTER ( soutien lecture, \u00e9criture, bureautique \u2026) Insertion professionnelle\u00a0: Centres de formations ESAT environnants, afin de permettre aux travailleurs de d\u00e9couvrir des ateliers diff\u00e9rents et d\u2019\u00e9voluer sur leurs projets professionnels Instituts M\u00e9dico Educatifs (IME) et Professionnels (IMPro) Commerciaux et \u00e9conomiques : Clients, entreprises priv\u00e9es, entreprises adapt\u00e9es, communes,","og_url":"https:\/\/apajhetvous.apajh.org\/esat-levallois\/nos-partenaires\/","og_site_name":"Le magazine de l&#039;ESAT de Levallois-Perret","article_modified_time":"2022-07-28T08:03:31+00:00","twitter_card":"summary_large_image","twitter_misc":{"Dur\u00e9e de lecture estim\u00e9e":"1 minute"},"schema":{"@context":"https:\/\/schema.org","@graph":[{"@type":"WebPage","@id":"https:\/\/apajhetvous.apajh.org\/esat-levallois\/nos-partenaires\/","url":"https:\/\/apajhetvous.apajh.org\/esat-levallois\/nos-partenaires\/","name":"Nos partenaires - Le magazine de l&#039;ESAT de Levallois-Perret","isPartOf":{"@id":"https:\/\/apajhetvous.apajh.org\/esat-levallois\/#website"},"datePublished":"2022-05-18T13:42:47+00:00","dateModified":"2022-07-28T08:03:31+00:00","breadcrumb":{"@id":"https:\/\/apajhetvous.apajh.org\/esat-levallois\/nos-partenaires\/#breadcrumb"},"inLanguage":"fr-FR","potentialAction":[{"@type":"ReadAction","target":["https:\/\/apajhetvous.apajh.org\/esat-levallois\/nos-partenaires\/"]}]},{"@type":"BreadcrumbList","@id":"https:\/\/apajhetvous.apajh.org\/esat-levallois\/nos-partenaires\/#breadcrumb","itemListElement":[{"@type":"ListItem","position":1,"name":"Accueil","item":"https:\/\/apajhetvous.apajh.org\/esat-levallois\/"},{"@type":"ListItem","position":2,"name":"Nos partenaires"}]},{"@type":"WebSite","@id":"https:\/\/apajhetvous.apajh.org\/esat-levallois\/#website","url":"https:\/\/apajhetvous.apajh.org\/esat-levallois\/","name":"Le magazine de l&#039;ESAT de Levallois-Perret","description":"APAJH &amp; VOUS","potentialAction":[{"@type":"SearchAction","target":{"@type":"EntryPoint","urlTemplate":"https:\/\/apajhetvous.apajh.org\/esat-levallois\/?s={search_term_string}"},"query-input":{"@type":"PropertyValueSpecification","valueRequired":true,"valueName":"search_term_string"}}],"inLanguage":"fr-FR"}]}},"_links":{"self":[{"href":"https:\/\/apajhetvous.apajh.org\/esat-levallois\/wp-json\/wp\/v2\/pages\/244","targetHints":{"allow":["GET"]}}],"collection":[{"href":"https:\/\/apajhetvous.apajh.org\/esat-levallois\/wp-json\/wp\/v2\/pages"}],"about":[{"href":"https:\/\/apajhetvous.apajh.org\/esat-levallois\/wp-json\/wp\/v2\/types\/page"}],"author":[{"embeddable":true,"href":"https:\/\/apajhetvous.apajh.org\/esat-levallois\/wp-json\/wp\/v2\/users\/1"}],"replies":[{"embeddable":true,"href":"https:\/\/apajhetvous.apajh.org\/esat-levallois\/wp-json\/wp\/v2\/comments?post=244"}],"version-history":[{"count":8,"href":"https:\/\/apajhetvous.apajh.org\/esat-levallois\/wp-json\/wp\/v2\/pages\/244\/revisions"}],"predecessor-version":[{"id":322,"href":"https:\/\/apajhetvous.apajh.org\/esat-levallois\/wp-json\/wp\/v2\/pages\/244\/revisions\/322"}],"wp:attachment":[{"href":"https:\/\/apajhetvous.apajh.org\/esat-levallois\/wp-json\/wp\/v2\/media?parent=244"}],"curies":[{"name":"wp","href":"https:\/\/api.w.org\/{rel}","templated":true}]}}