{"id":3661,"date":"2022-07-25T14:45:00","date_gmt":"2022-07-25T12:45:00","guid":{"rendered":"http:\/\/localhost:1337\/?page_id=3661"},"modified":"2022-09-21T17:48:07","modified_gmt":"2022-09-21T15:48:07","slug":"reforme-oeth","status":"publish","type":"page","link":"https:\/\/apajhetvous.apajh.org\/esatapajh71\/reforme-oeth\/","title":{"rendered":"L\u2019obligation d\u2019emploi des travailleurs handicap\u00e9s (OETH)"},"content":{"rendered":"\n<p>V<strong>ous \u00eates une entreprise relevant de la r\u00e9forme OETH et comptez 20 salari\u00e9s ou plus ? Vous \u00eates concern\u00e9 par la loi du 11 f\u00e9vrier 2005 d\u00e9terminant vos obligations en mati\u00e8re d\u2019emploi des personnes en situation de handicap. Faire appel \u00e0 l&rsquo;ESAT de Crissey vous permet de r\u00e9duire votre contribution OETH.<\/strong><\/p>\n\n\n\n<p>La r\u00e9forme de l&rsquo;obligation d\u2019emploi des travailleurs handicap\u00e9s (OETH) a \u00e9t\u00e9 r\u00e9form\u00e9e en profondeur par la loi du 5 septembre 2018 \u00ab Pour la libert\u00e9 de choisir son avenir professionnel \u00bb.<\/p>\n\n\n\n<h2 class=\"wp-block-heading\">Un taux d&rsquo;obligation qui reste le m\u00eame mais un d\u00e9lai de mise en conformit\u00e9 qui \u00e9volue<\/h2>\n\n\n\n<p>Le taux d\u2019obligation d\u2019emploi des personnes en situation de handicap par les entreprises reste \u00e0 6 %. En revanche, le d\u00e9lai de mise en conformit\u00e9 de l\u2019obligation d\u2019emploi passe \u00e0 5 ans pour les entreprises qui atteignent un effectif de 20 salari\u00e9s (au lieu de 3 ans).<\/p>\n\n\n\n<h2 class=\"wp-block-heading\">La mobilisation de TOUS les employeurs<\/h2>\n\n\n\n<p>Les employeurs occupant moins de 20 salari\u00e9s doivent d\u00e9sormais d\u00e9clarer le nombre de travailleurs handicap\u00e9s qu&rsquo;ils emploient. Ils ne sont toutefois pas contribuables \u00e0 l&rsquo;obligation d&#8217;emploi. <\/p>\n\n\n\n<h2 class=\"wp-block-heading\">L\u2019assujettissement \u00e0 l&rsquo;obligation d&#8217;emploi se fait au niveau de l&rsquo;entreprise et non de l&rsquo;\u00e9tablissement<\/h2>\n\n\n\n<p>Le terme d&rsquo;\u00e9tablissement dispara\u00eet et seule l&rsquo;entreprise est prise en compte. Ce changement a des cons\u00e9quences pour les entreprises constitu\u00e9es d&rsquo;\u00e9tablissement de moins de 20 salari\u00e9s. Les effectifs de l&rsquo;entreprise sont d\u00e9termin\u00e9s en moyenne annuelle en \u00c9quivalent Temps Plein Travaill\u00e9 (ETPT). <\/p>\n\n\n\n<h2 class=\"wp-block-heading\">Des accords de branches de groupe et d&rsquo;entreprise limit\u00e9s \u00e0 3 ans<\/h2>\n\n\n\n<p>Ces accords ne sont renouvelables qu&rsquo;une fois pour une dur\u00e9e de 3 ans et restent exon\u00e9ratoires de la contribution au titre de l&rsquo;OETH.<\/p>\n\n\n\n<h2 class=\"wp-block-heading\">Ce recouvrement \u00e0 la contribution annuelle des entreprises est directement transf\u00e9r\u00e9 aux URSSAF et aux Caisses de la MSA<\/h2>\n\n\n\n<p>Les montants collect\u00e9s par les URSSAF et les CMSA sont revers\u00e9s \u00e0 l&rsquo;Agefiph.<\/p>\n\n\n\n<h2 class=\"wp-block-heading\">Une nouvelle valorisation des achats de biens et de services aupr\u00e8s des ESAT\/EA<\/h2>\n\n\n\n<p>Cet emploi dit \u00ab indirect \u00bb est valoris\u00e9 sous la forme d\u2019une d\u00e9duction du montant.<\/p>\n\n\n\n<h2 class=\"wp-block-heading\">LES NOUVELLES MODALIT\u00c9S DE D\u00c9CLARATION DE LA REFORME OETH <\/h2>\n\n\n\n<p><strong>La DSN (D\u00e9claration Sociale Nominative) <\/strong>se substitue \u00e0 la d\u00e9claration papier ou \u00e0 la t\u00e9l\u00e9 d\u00e9claration de l&rsquo;Agefiph.<\/p>\n\n\n\n<ul class=\"wp-block-list\"><li><strong>Avant le 1er mars 2020<\/strong>, les entreprises d\u00e9posent leur DOETH <strong>au titre de l&rsquo;ann\u00e9e 2019<\/strong>, <strong>suivant les m\u00eames modalit\u00e9s que les ann\u00e9es pr\u00e9c\u00e9dentes<\/strong>.<\/li><li><strong>A partir de janvier 2020<\/strong>, les entreprises commencent \u00e0 d\u00e9clarer <strong>les effectifs BOETH via la DSN.<\/strong><\/li><\/ul>\n\n\n\n<p>Les ESAT\/EA transmettent \u00e0 leurs entreprises clientes, une attestation annuelle pr\u00e9cisant le montant HT des contrats effectivement r\u00e9gl\u00e9s ainsi que l&rsquo;\u00e9quivalence en co\u00fbt de main d\u2019\u0153uvre de ces contrats. <\/p>\n\n\n\n<p>Afin de vous accompagner dans cette d\u00e9marche, vous pouvez vous rapprocher de votre <span style=\"text-decoration: underline;\"><a href=\"https:\/\/www.urssaf.fr\/portail\/home.html\">URSSAF <\/a> <\/span>ou de votre <a href=\"https:\/\/www.msa.fr\/lfp\/accueil\"><span style=\"text-decoration: underline;\">CMSA<\/span><\/a>.<\/p>\n\n\n\n<figure class=\"wp-block-image size-full\"><img loading=\"lazy\" decoding=\"async\" width=\"904\" height=\"760\" src=\"https:\/\/apajhetvous.apajh.org\/esatapajh71\/wp-content\/uploads\/2022\/05\/deduction-ESAT-OETH-exemple-visuel.png\" alt=\"\" class=\"wp-image-3712\" srcset=\"https:\/\/apajhetvous.apajh.org\/esatapajh71\/wp-content\/uploads\/2022\/05\/deduction-ESAT-OETH-exemple-visuel.png 904w, https:\/\/apajhetvous.apajh.org\/esatapajh71\/wp-content\/uploads\/2022\/05\/deduction-ESAT-OETH-exemple-visuel-300x252.png 300w, https:\/\/apajhetvous.apajh.org\/esatapajh71\/wp-content\/uploads\/2022\/05\/deduction-ESAT-OETH-exemple-visuel-768x646.png 768w, https:\/\/apajhetvous.apajh.org\/esatapajh71\/wp-content\/uploads\/2022\/05\/deduction-ESAT-OETH-exemple-visuel-370x311.png 370w\" sizes=\"auto, (max-width: 904px) 100vw, 904px\" \/><\/figure>\n\n\n\n<p>Afin de retrouver la pr\u00e9sentation de notre \u00e9tablissement : <a href=\"https:\/\/apajhetvous.apajh.org\/esatapajh71\/2022\/07\/21\/lesat-de-crissey\/\"><span style=\"text-decoration: underline;\">L\u2019ESAT APAJH de Crissey<\/span><\/a><\/p>\n\n\n\n<p><a href=\"https:\/\/apajhetvous.apajh.org\/esatapajh71\/nous-contacter\/\"><span style=\"text-decoration: underline;\">Cliquez ici pour nous contacter<\/span><\/a>.<\/p>\n\n\n\n<p>Par ailleurs, pour plus d&rsquo;information sur l&rsquo;APAJH : <a href=\"https:\/\/www.apajh.org\/#\/\"><span style=\"text-decoration: underline;\">F\u00e9d\u00e9ration APAJH<\/span><\/a><\/p>\n","protected":false},"excerpt":{"rendered":"<p>Vous \u00eates une entreprise relevant de la r\u00e9forme OETH et comptez 20 salari\u00e9s ou plus ? Vous \u00eates concern\u00e9 par la loi du 11 f\u00e9vrier 2005 d\u00e9terminant vos obligations en mati\u00e8re d\u2019emploi des personnes en situation de handicap. Faire appel \u00e0 l&rsquo;ESAT de Crissey vous permet de r\u00e9duire votre contribution OETH. La r\u00e9forme de l&rsquo;obligation<\/p>\n","protected":false},"author":5,"featured_media":0,"parent":0,"menu_order":0,"comment_status":"closed","ping_status":"closed","template":"","meta":{"_acf_changed":false,"_exactmetrics_skip_tracking":false,"_exactmetrics_sitenote_active":false,"_exactmetrics_sitenote_note":"","_exactmetrics_sitenote_category":0,"footnotes":""},"class_list":["post-3661","page","type-page","status-publish","hentry"],"acf":[],"yoast_head":"<!-- This site is optimized with the Yoast SEO plugin v27.3 - https:\/\/yoast.com\/product\/yoast-seo-wordpress\/ -->\n<title>L\u2019obligation d\u2019emploi des travailleurs handicap\u00e9s (OETH) - Esatapajh71<\/title>\n<meta name=\"description\" content=\"Vous \u00eates une entreprise relevant de la r\u00e9forme OETH et comptez 20 salari\u00e9s. Faire appel \u00e0 l&#039;ESAT vous permet de r\u00e9duire votre contribution.\" \/>\n<meta name=\"robots\" content=\"index, follow, max-snippet:-1, max-image-preview:large, max-video-preview:-1\" \/>\n<link rel=\"canonical\" href=\"https:\/\/apajhetvous.apajh.org\/esatapajh71\/reforme-oeth\/\" \/>\n<meta property=\"og:locale\" content=\"fr_FR\" \/>\n<meta property=\"og:type\" content=\"article\" \/>\n<meta property=\"og:title\" content=\"L\u2019obligation d\u2019emploi des travailleurs handicap\u00e9s (OETH) - Esatapajh71\" \/>\n<meta property=\"og:description\" content=\"Vous \u00eates une entreprise relevant de la r\u00e9forme OETH et comptez 20 salari\u00e9s. Faire appel \u00e0 l&#039;ESAT vous permet de r\u00e9duire votre contribution.\" \/>\n<meta property=\"og:url\" content=\"https:\/\/apajhetvous.apajh.org\/esatapajh71\/reforme-oeth\/\" \/>\n<meta property=\"og:site_name\" content=\"Esatapajh71\" \/>\n<meta property=\"article:modified_time\" content=\"2022-09-21T15:48:07+00:00\" \/>\n<meta property=\"og:image\" content=\"https:\/\/apajhetvous.apajh.org\/esatapajh71\/wp-content\/uploads\/2022\/05\/deduction-ESAT-OETH-exemple-visuel.png\" \/>\n<meta name=\"twitter:card\" content=\"summary_large_image\" \/>\n<meta name=\"twitter:label1\" content=\"Dur\u00e9e de lecture estim\u00e9e\" \/>\n\t<meta name=\"twitter:data1\" content=\"3 minutes\" \/>\n<script type=\"application\/ld+json\" class=\"yoast-schema-graph\">{\"@context\":\"https:\\\/\\\/schema.org\",\"@graph\":[{\"@type\":\"WebPage\",\"@id\":\"https:\\\/\\\/apajhetvous.apajh.org\\\/esatapajh71\\\/reforme-oeth\\\/\",\"url\":\"https:\\\/\\\/apajhetvous.apajh.org\\\/esatapajh71\\\/reforme-oeth\\\/\",\"name\":\"L\u2019obligation d\u2019emploi des travailleurs handicap\u00e9s (OETH) - Esatapajh71\",\"isPartOf\":{\"@id\":\"https:\\\/\\\/apajhetvous.apajh.org\\\/esatapajh71\\\/#website\"},\"primaryImageOfPage\":{\"@id\":\"https:\\\/\\\/apajhetvous.apajh.org\\\/esatapajh71\\\/reforme-oeth\\\/#primaryimage\"},\"image\":{\"@id\":\"https:\\\/\\\/apajhetvous.apajh.org\\\/esatapajh71\\\/reforme-oeth\\\/#primaryimage\"},\"thumbnailUrl\":\"https:\\\/\\\/apajhetvous.apajh.org\\\/esatapajh71\\\/wp-content\\\/uploads\\\/2022\\\/05\\\/deduction-ESAT-OETH-exemple-visuel.png\",\"datePublished\":\"2022-07-25T12:45:00+00:00\",\"dateModified\":\"2022-09-21T15:48:07+00:00\",\"description\":\"Vous \u00eates une entreprise relevant de la r\u00e9forme OETH et comptez 20 salari\u00e9s. Faire appel \u00e0 l'ESAT vous permet de r\u00e9duire votre contribution.\",\"breadcrumb\":{\"@id\":\"https:\\\/\\\/apajhetvous.apajh.org\\\/esatapajh71\\\/reforme-oeth\\\/#breadcrumb\"},\"inLanguage\":\"fr-FR\",\"potentialAction\":[{\"@type\":\"ReadAction\",\"target\":[\"https:\\\/\\\/apajhetvous.apajh.org\\\/esatapajh71\\\/reforme-oeth\\\/\"]}]},{\"@type\":\"ImageObject\",\"inLanguage\":\"fr-FR\",\"@id\":\"https:\\\/\\\/apajhetvous.apajh.org\\\/esatapajh71\\\/reforme-oeth\\\/#primaryimage\",\"url\":\"https:\\\/\\\/apajhetvous.apajh.org\\\/esatapajh71\\\/wp-content\\\/uploads\\\/2022\\\/05\\\/deduction-ESAT-OETH-exemple-visuel.png\",\"contentUrl\":\"https:\\\/\\\/apajhetvous.apajh.org\\\/esatapajh71\\\/wp-content\\\/uploads\\\/2022\\\/05\\\/deduction-ESAT-OETH-exemple-visuel.png\",\"width\":904,\"height\":760},{\"@type\":\"BreadcrumbList\",\"@id\":\"https:\\\/\\\/apajhetvous.apajh.org\\\/esatapajh71\\\/reforme-oeth\\\/#breadcrumb\",\"itemListElement\":[{\"@type\":\"ListItem\",\"position\":1,\"name\":\"Accueil\",\"item\":\"https:\\\/\\\/apajhetvous.apajh.org\\\/esatapajh71\\\/\"},{\"@type\":\"ListItem\",\"position\":2,\"name\":\"L\u2019obligation d\u2019emploi des travailleurs handicap\u00e9s (OETH)\"}]},{\"@type\":\"WebSite\",\"@id\":\"https:\\\/\\\/apajhetvous.apajh.org\\\/esatapajh71\\\/#website\",\"url\":\"https:\\\/\\\/apajhetvous.apajh.org\\\/esatapajh71\\\/\",\"name\":\"Esatapajh71\",\"description\":\"Apajh&amp;vous\",\"potentialAction\":[{\"@type\":\"SearchAction\",\"target\":{\"@type\":\"EntryPoint\",\"urlTemplate\":\"https:\\\/\\\/apajhetvous.apajh.org\\\/esatapajh71\\\/?s={search_term_string}\"},\"query-input\":{\"@type\":\"PropertyValueSpecification\",\"valueRequired\":true,\"valueName\":\"search_term_string\"}}],\"inLanguage\":\"fr-FR\"}]}<\/script>\n<!-- \/ Yoast SEO plugin. -->","yoast_head_json":{"title":"L\u2019obligation d\u2019emploi des travailleurs handicap\u00e9s (OETH) - Esatapajh71","description":"Vous \u00eates une entreprise relevant de la r\u00e9forme OETH et comptez 20 salari\u00e9s. Faire appel \u00e0 l'ESAT vous permet de r\u00e9duire votre contribution.","robots":{"index":"index","follow":"follow","max-snippet":"max-snippet:-1","max-image-preview":"max-image-preview:large","max-video-preview":"max-video-preview:-1"},"canonical":"https:\/\/apajhetvous.apajh.org\/esatapajh71\/reforme-oeth\/","og_locale":"fr_FR","og_type":"article","og_title":"L\u2019obligation d\u2019emploi des travailleurs handicap\u00e9s (OETH) - Esatapajh71","og_description":"Vous \u00eates une entreprise relevant de la r\u00e9forme OETH et comptez 20 salari\u00e9s. Faire appel \u00e0 l'ESAT vous permet de r\u00e9duire votre contribution.","og_url":"https:\/\/apajhetvous.apajh.org\/esatapajh71\/reforme-oeth\/","og_site_name":"Esatapajh71","article_modified_time":"2022-09-21T15:48:07+00:00","og_image":[{"url":"https:\/\/apajhetvous.apajh.org\/esatapajh71\/wp-content\/uploads\/2022\/05\/deduction-ESAT-OETH-exemple-visuel.png","type":"","width":"","height":""}],"twitter_card":"summary_large_image","twitter_misc":{"Dur\u00e9e de lecture estim\u00e9e":"3 minutes"},"schema":{"@context":"https:\/\/schema.org","@graph":[{"@type":"WebPage","@id":"https:\/\/apajhetvous.apajh.org\/esatapajh71\/reforme-oeth\/","url":"https:\/\/apajhetvous.apajh.org\/esatapajh71\/reforme-oeth\/","name":"L\u2019obligation d\u2019emploi des travailleurs handicap\u00e9s (OETH) - Esatapajh71","isPartOf":{"@id":"https:\/\/apajhetvous.apajh.org\/esatapajh71\/#website"},"primaryImageOfPage":{"@id":"https:\/\/apajhetvous.apajh.org\/esatapajh71\/reforme-oeth\/#primaryimage"},"image":{"@id":"https:\/\/apajhetvous.apajh.org\/esatapajh71\/reforme-oeth\/#primaryimage"},"thumbnailUrl":"https:\/\/apajhetvous.apajh.org\/esatapajh71\/wp-content\/uploads\/2022\/05\/deduction-ESAT-OETH-exemple-visuel.png","datePublished":"2022-07-25T12:45:00+00:00","dateModified":"2022-09-21T15:48:07+00:00","description":"Vous \u00eates une entreprise relevant de la r\u00e9forme OETH et comptez 20 salari\u00e9s. Faire appel \u00e0 l'ESAT vous permet de r\u00e9duire votre contribution.","breadcrumb":{"@id":"https:\/\/apajhetvous.apajh.org\/esatapajh71\/reforme-oeth\/#breadcrumb"},"inLanguage":"fr-FR","potentialAction":[{"@type":"ReadAction","target":["https:\/\/apajhetvous.apajh.org\/esatapajh71\/reforme-oeth\/"]}]},{"@type":"ImageObject","inLanguage":"fr-FR","@id":"https:\/\/apajhetvous.apajh.org\/esatapajh71\/reforme-oeth\/#primaryimage","url":"https:\/\/apajhetvous.apajh.org\/esatapajh71\/wp-content\/uploads\/2022\/05\/deduction-ESAT-OETH-exemple-visuel.png","contentUrl":"https:\/\/apajhetvous.apajh.org\/esatapajh71\/wp-content\/uploads\/2022\/05\/deduction-ESAT-OETH-exemple-visuel.png","width":904,"height":760},{"@type":"BreadcrumbList","@id":"https:\/\/apajhetvous.apajh.org\/esatapajh71\/reforme-oeth\/#breadcrumb","itemListElement":[{"@type":"ListItem","position":1,"name":"Accueil","item":"https:\/\/apajhetvous.apajh.org\/esatapajh71\/"},{"@type":"ListItem","position":2,"name":"L\u2019obligation d\u2019emploi des travailleurs handicap\u00e9s (OETH)"}]},{"@type":"WebSite","@id":"https:\/\/apajhetvous.apajh.org\/esatapajh71\/#website","url":"https:\/\/apajhetvous.apajh.org\/esatapajh71\/","name":"Esatapajh71","description":"Apajh&amp;vous","potentialAction":[{"@type":"SearchAction","target":{"@type":"EntryPoint","urlTemplate":"https:\/\/apajhetvous.apajh.org\/esatapajh71\/?s={search_term_string}"},"query-input":{"@type":"PropertyValueSpecification","valueRequired":true,"valueName":"search_term_string"}}],"inLanguage":"fr-FR"}]}},"_links":{"self":[{"href":"https:\/\/apajhetvous.apajh.org\/esatapajh71\/wp-json\/wp\/v2\/pages\/3661","targetHints":{"allow":["GET"]}}],"collection":[{"href":"https:\/\/apajhetvous.apajh.org\/esatapajh71\/wp-json\/wp\/v2\/pages"}],"about":[{"href":"https:\/\/apajhetvous.apajh.org\/esatapajh71\/wp-json\/wp\/v2\/types\/page"}],"author":[{"embeddable":true,"href":"https:\/\/apajhetvous.apajh.org\/esatapajh71\/wp-json\/wp\/v2\/users\/5"}],"replies":[{"embeddable":true,"href":"https:\/\/apajhetvous.apajh.org\/esatapajh71\/wp-json\/wp\/v2\/comments?post=3661"}],"version-history":[{"count":3,"href":"https:\/\/apajhetvous.apajh.org\/esatapajh71\/wp-json\/wp\/v2\/pages\/3661\/revisions"}],"predecessor-version":[{"id":4029,"href":"https:\/\/apajhetvous.apajh.org\/esatapajh71\/wp-json\/wp\/v2\/pages\/3661\/revisions\/4029"}],"wp:attachment":[{"href":"https:\/\/apajhetvous.apajh.org\/esatapajh71\/wp-json\/wp\/v2\/media?parent=3661"}],"curies":[{"name":"wp","href":"https:\/\/api.w.org\/{rel}","templated":true}]}}