{"id":29,"date":"2018-09-10T17:02:46","date_gmt":"2018-09-10T15:02:46","guid":{"rendered":"https:\/\/apajhetvous.apajh.org\/lapasserelle\/\/?page_id=29"},"modified":"2024-05-06T13:47:49","modified_gmt":"2024-05-06T11:47:49","slug":"lequipe","status":"publish","type":"page","link":"https:\/\/apajhetvous.apajh.org\/lapasserelle\/lequipe\/","title":{"rendered":"L&rsquo;\u00e9quipe"},"content":{"rendered":"<p>Les professionnels du SESSAD et de l&rsquo;IEM La Passerelle accompagnent des enfants et adolescents pr\u00e9sentant des d\u00e9ficiences motrices avec ou sans troubles associ\u00e9s.<\/p>\n<p><strong>LES PROFESSIONNELS<\/strong><br \/>\nDirecteur : M. Cannenpasse<br \/>\nCheffe de service : Mme Sirot<br \/>\nAssistante de direction : Mme Oruz<br \/>\nSecr\u00e9taire M\u00e9dicosociale : Mme Hubinet<br \/>\nAssistante Sociale : Mme Mathieu<\/p>\n<p><strong>L&rsquo;\u00e9quipe se compose d&rsquo;une \u00e9quipe pluridisciplinaire:<\/strong><br \/>\nL&rsquo;ADMINISTRATION:<br \/>\n\u2022 Assistante de direction<br \/>\n\u2022 Secr\u00e9taire m\u00e9dico-Sociale<br \/>\n\u2022 Comptable<br \/>\nLE M\u00c9DICAL:<br \/>\n\u2022 M\u00e9decin MPR<br \/>\nL&rsquo;\u00c9QUIPE PARAM\u00c9DICALE:<br \/>\n\u2022 Kin\u00e9sith\u00e9rapeutes<br \/>\n\u2022 Ergoth\u00e9rapeutes<br \/>\n\u2022 Psychomotriciennes<br \/>\n\u2022 Orthophoniste<br \/>\n\u2022 Infirmi\u00e8re \/ Auxiliaire de pu\u00e9riculture<br \/>\nLE POLE PSYCHO-SOCIO\u00c9DUCATIF:<br \/>\n\u2022 Psychologues<br \/>\n\u2022 Assistante sociale<br \/>\n\u2022 Educateurs sp\u00e9cialis\u00e9s<br \/>\n\u2022 Aides M\u00e9dico-Psychologique AMP \/Accompagnants Educatif et Social AES<br \/>\n\u2022 Moniteur Educateur ME<br \/>\nUNE SCOLARIT\u00c9 ADAPTE\u00c9E:<br \/>\n\u2022 Enseignantes mises \u00e0 disposition par l\u2019Education nationale<\/p>\n<p>&nbsp;<\/p>\n","protected":false},"excerpt":{"rendered":"<p>Les professionnels du SESSAD et de l&rsquo;IEM La Passerelle accompagnent des enfants et adolescents pr\u00e9sentant des d\u00e9ficiences motrices avec ou sans troubles associ\u00e9s. LES PROFESSIONNELS Directeur : M. Cannenpasse Cheffe de service : Mme Sirot Assistante de direction : Mme Oruz Secr\u00e9taire M\u00e9dicosociale : Mme Hubinet Assistante Sociale : Mme Mathieu L&rsquo;\u00e9quipe se compose d&rsquo;une<\/p>\n","protected":false},"author":1,"featured_media":0,"parent":0,"menu_order":0,"comment_status":"closed","ping_status":"closed","template":"","meta":{"_exactmetrics_skip_tracking":false,"_exactmetrics_sitenote_active":false,"_exactmetrics_sitenote_note":"","_exactmetrics_sitenote_category":0,"footnotes":""},"class_list":["post-29","page","type-page","status-publish","hentry"],"_links":{"self":[{"href":"https:\/\/apajhetvous.apajh.org\/lapasserelle\/wp-json\/wp\/v2\/pages\/29","targetHints":{"allow":["GET"]}}],"collection":[{"href":"https:\/\/apajhetvous.apajh.org\/lapasserelle\/wp-json\/wp\/v2\/pages"}],"about":[{"href":"https:\/\/apajhetvous.apajh.org\/lapasserelle\/wp-json\/wp\/v2\/types\/page"}],"author":[{"embeddable":true,"href":"https:\/\/apajhetvous.apajh.org\/lapasserelle\/wp-json\/wp\/v2\/users\/1"}],"replies":[{"embeddable":true,"href":"https:\/\/apajhetvous.apajh.org\/lapasserelle\/wp-json\/wp\/v2\/comments?post=29"}],"version-history":[{"count":13,"href":"https:\/\/apajhetvous.apajh.org\/lapasserelle\/wp-json\/wp\/v2\/pages\/29\/revisions"}],"predecessor-version":[{"id":4910,"href":"https:\/\/apajhetvous.apajh.org\/lapasserelle\/wp-json\/wp\/v2\/pages\/29\/revisions\/4910"}],"wp:attachment":[{"href":"https:\/\/apajhetvous.apajh.org\/lapasserelle\/wp-json\/wp\/v2\/media?parent=29"}],"curies":[{"name":"wp","href":"https:\/\/api.w.org\/{rel}","templated":true}]}}