{"version":"1.0","provider_name":"Plateforme Enfant-Adulte du Beaujolais - APAJH &amp; Vous","provider_url":"https:\/\/apajhetvous.apajh.org\/plateformebeaujolais","author_name":"Caroline Coudert","author_url":"https:\/\/apajhetvous.apajh.org\/plateformebeaujolais\/author\/caroline-coudert\/","title":"Du b\u00e9n\u00e9volat dans l'air...au Pr\u00e9 Vert ! - Plateforme Enfant-Adulte du Beaujolais - APAJH &amp; Vous","type":"rich","width":600,"height":338,"html":"<blockquote class=\"wp-embedded-content\" data-secret=\"Q6bAVuFbEw\"><a href=\"https:\/\/apajhetvous.apajh.org\/plateformebeaujolais\/du-benevolat-dans-lair-au-pre-vert\/\">Du b\u00e9n\u00e9volat dans l&rsquo;air&#8230;au Pr\u00e9 Vert !<\/a><\/blockquote><iframe sandbox=\"allow-scripts\" security=\"restricted\" src=\"https:\/\/apajhetvous.apajh.org\/plateformebeaujolais\/du-benevolat-dans-lair-au-pre-vert\/embed\/#?secret=Q6bAVuFbEw\" width=\"600\" height=\"338\" title=\"\u00ab\u00a0Du b\u00e9n\u00e9volat dans l&rsquo;air&#8230;au Pr\u00e9 Vert !\u00a0\u00bb &#8212; Plateforme Enfant-Adulte du Beaujolais - APAJH &amp; Vous\" data-secret=\"Q6bAVuFbEw\" frameborder=\"0\" marginwidth=\"0\" marginheight=\"0\" scrolling=\"no\" class=\"wp-embedded-content\"><\/iframe><script type=\"text\/javascript\">\n\/* <![CDATA[ *\/\n\/*! This file is auto-generated *\/\n!function(d,l){\"use strict\";l.querySelector&&d.addEventListener&&\"undefined\"!=typeof URL&&(d.wp=d.wp||{},d.wp.receiveEmbedMessage||(d.wp.receiveEmbedMessage=function(e){var t=e.data;if((t||t.secret||t.message||t.value)&&!\/[^a-zA-Z0-9]\/.test(t.secret)){for(var s,r,n,a=l.querySelectorAll('iframe[data-secret=\"'+t.secret+'\"]'),o=l.querySelectorAll('blockquote[data-secret=\"'+t.secret+'\"]'),c=new RegExp(\"^https?:$\",\"i\"),i=0;i<o.length;i++)o[i].style.display=\"none\";for(i=0;i<a.length;i++)s=a[i],e.source===s.contentWindow&&(s.removeAttribute(\"style\"),\"height\"===t.message?(1e3<(r=parseInt(t.value,10))?r=1e3:~~r<200&&(r=200),s.height=r):\"link\"===t.message&&(r=new URL(s.getAttribute(\"src\")),n=new URL(t.value),c.test(n.protocol))&&n.host===r.host&&l.activeElement===s&&(d.top.location.href=t.value))}},d.addEventListener(\"message\",d.wp.receiveEmbedMessage,!1),l.addEventListener(\"DOMContentLoaded\",function(){for(var e,t,s=l.querySelectorAll(\"iframe.wp-embedded-content\"),r=0;r<s.length;r++)(t=(e=s[r]).getAttribute(\"data-secret\"))||(t=Math.random().toString(36).substring(2,12),e.src+=\"#?secret=\"+t,e.setAttribute(\"data-secret\",t)),e.contentWindow.postMessage({message:\"ready\",secret:t},\"*\")},!1)))}(window,document);\n\/\/# sourceURL=https:\/\/apajhetvous.apajh.org\/plateformebeaujolais\/wp-includes\/js\/wp-embed.min.js\n\/* ]]> *\/\n<\/script>\n","thumbnail_url":"https:\/\/apajhetvous.apajh.org\/plateformebeaujolais\/wp-content\/uploads\/2024\/12\/image0000041.jpg","thumbnail_width":768,"thumbnail_height":576,"description":"Don\u00e9 a \u00e9mis le souhait lors de la formation autod\u00e9termination en f\u00e9vrier, de faire du b\u00e9n\u00e9volat notamment en aidant au service de la caf\u00e9t\u00e9ria des Remparts. En effet, la r\u00e9sidence sociale propose un service de caf\u00e9t\u00e9ria pour ses pensionnaires qui est aussi ouvert aux r\u00e9sidents du Pr\u00e9 Vert \u00e0 Belleville. &nbsp; \u00a0Interview de Daniel (r\u00e9sident"}

Du bénévolat dans l'air...au Pré Vert ! - Plateforme Enfant-Adulte du Beaujolais - APAJH &amp; Vous

<blockquote class="wp-embedded-content" data-secret="Q6bAVuFbEw"><a href="https://apajhetvous.apajh.org/plateformebeaujolais/du-benevolat-dans-lair-au-pre-vert/">Du bénévolat dans l&rsquo;air&#8230;au Pré Vert !</a></blockquote><iframe sandbox="allow-scripts" security="restricted" src="https://apajhetvous.apajh.org/plateformebeaujolais/du-benevolat-dans-lair-au-pre-vert/embed/#?secret=Q6bAVuFbEw" width="600" height="338" title="« Du bénévolat dans l&rsquo;air&#8230;au Pré Vert ! » &#8212; Plateforme Enfant-Adulte du Beaujolais - APAJH &amp; Vous" data-secret="Q6bAVuFbEw" frameborder="0" marginwidth="0" marginheight="0" scrolling="no" class="wp-embedded-content"></iframe><script type="text/javascript">
/* <![CDATA[ */
/*! This file is auto-generated */
!function(d,l){"use strict";l.querySelector&&d.addEventListener&&"undefined"!=typeof URL&&(d.wp=d.wp||{},d.wp.receiveEmbedMessage||(d.wp.receiveEmbedMessage=function(e){var t=e.data;if((t||t.secret||t.message||t.value)&&!/[^a-zA-Z0-9]/.test(t.secret)){for(var s,r,n,a=l.querySelectorAll('iframe[data-secret="'+t.secret+'"]'),o=l.querySelectorAll('blockquote[data-secret="'+t.secret+'"]'),c=new RegExp("^https?:$","i"),i=0;i<o.length;i++)o[i].style.display="none";for(i=0;i<a.length;i++)s=a[i],e.source===s.contentWindow&&(s.removeAttribute("style"),"height"===t.message?(1e3<(r=parseInt(t.value,10))?r=1e3:~~r<200&&(r=200),s.height=r):"link"===t.message&&(r=new URL(s.getAttribute("src")),n=new URL(t.value),c.test(n.protocol))&&n.host===r.host&&l.activeElement===s&&(d.top.location.href=t.value))}},d.addEventListener("message",d.wp.receiveEmbedMessage,!1),l.addEventListener("DOMContentLoaded",function(){for(var e,t,s=l.querySelectorAll("iframe.wp-embedded-content"),r=0;r<s.length;r++)(t=(e=s[r]).getAttribute("data-secret"))||(t=Math.random().toString(36).substring(2,12),e.src+="#?secret="+t,e.setAttribute("data-secret",t)),e.contentWindow.postMessage({message:"ready",secret:t},"*")},!1)))}(window,document);
//# sourceURL=https://apajhetvous.apajh.org/plateformebeaujolais/wp-includes/js/wp-embed.min.js
/* ]]> */
</script>

Doné a émis le souhait lors de la formation autodétermination en février, de faire du bénévolat notamment en aidant au service de la cafétéria des Remparts. En effet, la résidence sociale propose un service de cafétéria pour ses pensionnaires qui est aussi ouvert aux résidents du Pré Vert à Belleville. &nbsp;  Interview de Daniel (résident
