{"id":28,"date":"2019-12-09T17:25:05","date_gmt":"2019-12-09T16:25:05","guid":{"rendered":"http:\/\/apajhetvous.apajh.org\/savs-vanves\/?page_id=28"},"modified":"2021-06-28T09:38:05","modified_gmt":"2021-06-28T07:38:05","slug":"qui-sommes-nous","status":"publish","type":"page","link":"https:\/\/apajhetvous.apajh.org\/savs-vanves\/qui-sommes-nous\/","title":{"rendered":"Qui sommes-nous ?"},"content":{"rendered":"<h3><strong>Un SAVS, deux antennes <span style=\"font-family: times new roman, times;\">(Vanves et Levallois)<\/span>.<\/strong><\/h3>\n<blockquote><p><span style=\"color: #000000; font-size: 14pt; font-family: times new roman, times;\"><strong>\u00ab\u00a0Depuis 1989, \u00a0le <u>S<\/u>ervice d\u2019<u>A<\/u>ccompagnement \u00e0 la <u>V<\/u>ie <u>S<\/u>ociale <i>(<\/i><i>SAVS) <\/i>accompagne la personne en situation de handicap dans la r\u00e9alisation de son projet de vie, co-construit \u00e0 partir de ses souhaits et attentes. Dans une d\u00e9marche inclusive, il d\u00e9livre des prestations adapt\u00e9es favorisant le d\u00e9veloppement ou le maintien de son autonomie globale.\u00a0\u00bb<\/strong><\/span><\/p><\/blockquote>\n<p><img loading=\"lazy\" decoding=\"async\" class=\"wp-image-468 aligncenter\" src=\"http:\/\/apajhetvous.apajh.org\/savs-vanves\/wp-content\/uploads\/2021\/06\/2-1-300x300.jpg\" alt=\"\" width=\"227\" height=\"227\" srcset=\"https:\/\/apajhetvous.apajh.org\/savs-vanves\/wp-content\/uploads\/2021\/06\/2-1-300x300.jpg 300w, https:\/\/apajhetvous.apajh.org\/savs-vanves\/wp-content\/uploads\/2021\/06\/2-1-150x150.jpg 150w, https:\/\/apajhetvous.apajh.org\/savs-vanves\/wp-content\/uploads\/2021\/06\/2-1-370x370.jpg 370w, https:\/\/apajhetvous.apajh.org\/savs-vanves\/wp-content\/uploads\/2021\/06\/2-1.jpg 510w\" sizes=\"auto, (max-width: 227px) 100vw, 227px\" \/><\/p>\n<p><span style=\"color: #336600; font-size: 14pt; font-family: georgia, palatino;\"><b>LES CHIFFRES CL\u00c9S :<\/b><\/span><\/p>\n<ul>\n<li><b>1<\/b> antenne \u00e0 <b>VANVES<\/b> : <b>30<\/b> personnes accompagn\u00e9es alto-s\u00e9quanaises <i>(Sud)<\/i>,<\/li>\n<li><b>1<\/b> antenne \u00e0 <b>LEVALLOIS<\/b> : <b>25<\/b> personnes accompagn\u00e9es alto-s\u00e9quanaises <i>(Nord)<\/i>,<\/li>\n<li><b>1<\/b> <b>\u00e9quipe pluridisciplinaire <\/b><i>(voir longlet \u00ab\u00a0l&rsquo;\u00e9quipe\u00a0\u00bb<\/i><i>),<br \/>\n<\/i><\/li>\n<li><b>1<\/b> <b>r\u00e9seau <\/b><b>de partenaires <\/b>: MDPH, mandataires judiciaires \u00e0 la protection des majeurs, h\u00f4pitaux et CMP, \u00c9SAT, organismes sociaux et culturels \u2026,<\/li>\n<li><b>4<\/b> <b>modalit\u00e9s <\/b><b>d\u2019intervention <\/b>: visites \u00e0 domicile, entretiens dans nos locaux, accompagnements ext\u00e9rieurs et temps collectifs,<\/li>\n<li>Un <b>\u00e9ventail de prestations <\/b><b>personnalis\u00e9es <\/b>abordant les domaines : de la vie sociale et citoyenne, de la sant\u00e9 et du bien-\u00eatre, du logement, du travail, de l\u2019administratif et du budget,<\/li>\n<li><b>2 moyens d\u2019expression <\/b>: le Groupe d\u2019expression et la diffusion de questionnaires de satisfaction.<\/li>\n<\/ul>\n<p>&nbsp;<\/p>\n<p style=\"text-align: center;\"><span style=\"font-family: comic sans ms, sans-serif;\"><em><strong><span style=\"color: #cc6600;\"><a style=\"color: #cc6600;\" href=\"http:\/\/apajhetvous.apajh.org\/savs-vanves\/wp-content\/uploads\/2021\/06\/Presentation-du-SAVS-92.pdf\">Pr\u00e9sentation du SAVS 92 (sur 10 pages)<\/a><\/span><\/strong><\/em><\/span><\/p>\n<p style=\"text-align: center;\"><span style=\"font-family: comic sans ms, sans-serif;\"><em><a href=\"http:\/\/apajhetvous.apajh.org\/savs-vanves\/wp-content\/uploads\/2021\/06\/Plaquette-de-presentation-Vanves.pdf\"><span style=\"color: #cc6600;\"><span style=\"color: #000000;\">Plaquette de pr\u00e9sentation Vanves<\/span><\/span><\/a><\/em><\/span><\/p>\n<p style=\"text-align: center;\"><span style=\"color: #000000;\"><a style=\"color: #000000;\" href=\"http:\/\/apajhetvous.apajh.org\/savs-vanves\/wp-content\/uploads\/2021\/06\/Plaquette-de-presentation-Levallois.pdf\"><span style=\"font-family: comic sans ms, sans-serif;\"><em>Plaquette de pr\u00e9sentation Levallois<\/em><\/span><\/a><\/span><\/p>\n","protected":false},"excerpt":{"rendered":"<p>Un SAVS, deux antennes (Vanves et Levallois). \u00ab\u00a0Depuis 1989, \u00a0le Service d\u2019Accompagnement \u00e0 la Vie Sociale (SAVS) accompagne la personne en situation de handicap dans la r\u00e9alisation de son projet de vie, co-construit \u00e0 partir de ses souhaits et attentes. Dans une d\u00e9marche inclusive, il d\u00e9livre des prestations adapt\u00e9es favorisant le d\u00e9veloppement ou le maintien<\/p>\n","protected":false},"author":1,"featured_media":0,"parent":0,"menu_order":0,"comment_status":"closed","ping_status":"closed","template":"","meta":{"_exactmetrics_skip_tracking":false,"_exactmetrics_sitenote_active":false,"_exactmetrics_sitenote_note":"","_exactmetrics_sitenote_category":0,"footnotes":""},"class_list":["post-28","page","type-page","status-publish","hentry"],"yoast_head":"<!-- This site is optimized with the Yoast SEO plugin v27.3 - https:\/\/yoast.com\/product\/yoast-seo-wordpress\/ -->\n<title>Qui sommes-nous ? - SAVS Vanves<\/title>\n<meta name=\"robots\" content=\"index, follow, max-snippet:-1, max-image-preview:large, max-video-preview:-1\" \/>\n<link rel=\"canonical\" href=\"http:\/\/apajhetvous.apajh.org\/savs-vanves\/qui-sommes-nous\/\" \/>\n<meta property=\"og:locale\" content=\"fr_FR\" \/>\n<meta property=\"og:type\" content=\"article\" \/>\n<meta property=\"og:title\" content=\"Qui sommes-nous ? - SAVS Vanves\" \/>\n<meta property=\"og:description\" content=\"Un SAVS, deux antennes (Vanves et Levallois). \u00ab\u00a0Depuis 1989, \u00a0le Service d\u2019Accompagnement \u00e0 la Vie Sociale (SAVS) accompagne la personne en situation de handicap dans la r\u00e9alisation de son projet de vie, co-construit \u00e0 partir de ses souhaits et attentes. Dans une d\u00e9marche inclusive, il d\u00e9livre des prestations adapt\u00e9es favorisant le d\u00e9veloppement ou le maintien\" \/>\n<meta property=\"og:url\" content=\"http:\/\/apajhetvous.apajh.org\/savs-vanves\/qui-sommes-nous\/\" \/>\n<meta property=\"og:site_name\" content=\"SAVS Vanves\" \/>\n<meta property=\"article:modified_time\" content=\"2021-06-28T07:38:05+00:00\" \/>\n<meta property=\"og:image\" content=\"http:\/\/apajhetvous.apajh.org\/savs-vanves\/wp-content\/uploads\/2021\/06\/2-1-300x300.jpg\" \/>\n<meta name=\"twitter:card\" content=\"summary_large_image\" \/>\n<meta name=\"twitter:label1\" content=\"Dur\u00e9e de lecture estim\u00e9e\" \/>\n\t<meta name=\"twitter:data1\" content=\"1 minute\" \/>\n<script type=\"application\/ld+json\" class=\"yoast-schema-graph\">{\"@context\":\"https:\\\/\\\/schema.org\",\"@graph\":[{\"@type\":\"WebPage\",\"@id\":\"http:\\\/\\\/apajhetvous.apajh.org\\\/savs-vanves\\\/qui-sommes-nous\\\/\",\"url\":\"http:\\\/\\\/apajhetvous.apajh.org\\\/savs-vanves\\\/qui-sommes-nous\\\/\",\"name\":\"Qui sommes-nous ? - SAVS Vanves\",\"isPartOf\":{\"@id\":\"http:\\\/\\\/apajhetvous.apajh.org\\\/savs-vanves\\\/#website\"},\"primaryImageOfPage\":{\"@id\":\"http:\\\/\\\/apajhetvous.apajh.org\\\/savs-vanves\\\/qui-sommes-nous\\\/#primaryimage\"},\"image\":{\"@id\":\"http:\\\/\\\/apajhetvous.apajh.org\\\/savs-vanves\\\/qui-sommes-nous\\\/#primaryimage\"},\"thumbnailUrl\":\"http:\\\/\\\/apajhetvous.apajh.org\\\/savs-vanves\\\/wp-content\\\/uploads\\\/2021\\\/06\\\/2-1-300x300.jpg\",\"datePublished\":\"2019-12-09T16:25:05+00:00\",\"dateModified\":\"2021-06-28T07:38:05+00:00\",\"breadcrumb\":{\"@id\":\"http:\\\/\\\/apajhetvous.apajh.org\\\/savs-vanves\\\/qui-sommes-nous\\\/#breadcrumb\"},\"inLanguage\":\"fr-FR\",\"potentialAction\":[{\"@type\":\"ReadAction\",\"target\":[\"http:\\\/\\\/apajhetvous.apajh.org\\\/savs-vanves\\\/qui-sommes-nous\\\/\"]}]},{\"@type\":\"ImageObject\",\"inLanguage\":\"fr-FR\",\"@id\":\"http:\\\/\\\/apajhetvous.apajh.org\\\/savs-vanves\\\/qui-sommes-nous\\\/#primaryimage\",\"url\":\"https:\\\/\\\/apajhetvous.apajh.org\\\/savs-vanves\\\/wp-content\\\/uploads\\\/2021\\\/06\\\/2-1.jpg\",\"contentUrl\":\"https:\\\/\\\/apajhetvous.apajh.org\\\/savs-vanves\\\/wp-content\\\/uploads\\\/2021\\\/06\\\/2-1.jpg\",\"width\":510,\"height\":510},{\"@type\":\"BreadcrumbList\",\"@id\":\"http:\\\/\\\/apajhetvous.apajh.org\\\/savs-vanves\\\/qui-sommes-nous\\\/#breadcrumb\",\"itemListElement\":[{\"@type\":\"ListItem\",\"position\":1,\"name\":\"Accueil\",\"item\":\"http:\\\/\\\/apajhetvous.apajh.org\\\/savs-vanves\\\/\"},{\"@type\":\"ListItem\",\"position\":2,\"name\":\"Qui sommes-nous ?\"}]},{\"@type\":\"WebSite\",\"@id\":\"http:\\\/\\\/apajhetvous.apajh.org\\\/savs-vanves\\\/#website\",\"url\":\"http:\\\/\\\/apajhetvous.apajh.org\\\/savs-vanves\\\/\",\"name\":\"SAVS Vanves\",\"description\":\"\",\"potentialAction\":[{\"@type\":\"SearchAction\",\"target\":{\"@type\":\"EntryPoint\",\"urlTemplate\":\"http:\\\/\\\/apajhetvous.apajh.org\\\/savs-vanves\\\/?s={search_term_string}\"},\"query-input\":{\"@type\":\"PropertyValueSpecification\",\"valueRequired\":true,\"valueName\":\"search_term_string\"}}],\"inLanguage\":\"fr-FR\"}]}<\/script>\n<!-- \/ Yoast SEO plugin. -->","yoast_head_json":{"title":"Qui sommes-nous ? - SAVS Vanves","robots":{"index":"index","follow":"follow","max-snippet":"max-snippet:-1","max-image-preview":"max-image-preview:large","max-video-preview":"max-video-preview:-1"},"canonical":"http:\/\/apajhetvous.apajh.org\/savs-vanves\/qui-sommes-nous\/","og_locale":"fr_FR","og_type":"article","og_title":"Qui sommes-nous ? - SAVS Vanves","og_description":"Un SAVS, deux antennes (Vanves et Levallois). \u00ab\u00a0Depuis 1989, \u00a0le Service d\u2019Accompagnement \u00e0 la Vie Sociale (SAVS) accompagne la personne en situation de handicap dans la r\u00e9alisation de son projet de vie, co-construit \u00e0 partir de ses souhaits et attentes. Dans une d\u00e9marche inclusive, il d\u00e9livre des prestations adapt\u00e9es favorisant le d\u00e9veloppement ou le maintien","og_url":"http:\/\/apajhetvous.apajh.org\/savs-vanves\/qui-sommes-nous\/","og_site_name":"SAVS Vanves","article_modified_time":"2021-06-28T07:38:05+00:00","og_image":[{"url":"http:\/\/apajhetvous.apajh.org\/savs-vanves\/wp-content\/uploads\/2021\/06\/2-1-300x300.jpg","type":"","width":"","height":""}],"twitter_card":"summary_large_image","twitter_misc":{"Dur\u00e9e de lecture estim\u00e9e":"1 minute"},"schema":{"@context":"https:\/\/schema.org","@graph":[{"@type":"WebPage","@id":"http:\/\/apajhetvous.apajh.org\/savs-vanves\/qui-sommes-nous\/","url":"http:\/\/apajhetvous.apajh.org\/savs-vanves\/qui-sommes-nous\/","name":"Qui sommes-nous ? - SAVS Vanves","isPartOf":{"@id":"http:\/\/apajhetvous.apajh.org\/savs-vanves\/#website"},"primaryImageOfPage":{"@id":"http:\/\/apajhetvous.apajh.org\/savs-vanves\/qui-sommes-nous\/#primaryimage"},"image":{"@id":"http:\/\/apajhetvous.apajh.org\/savs-vanves\/qui-sommes-nous\/#primaryimage"},"thumbnailUrl":"http:\/\/apajhetvous.apajh.org\/savs-vanves\/wp-content\/uploads\/2021\/06\/2-1-300x300.jpg","datePublished":"2019-12-09T16:25:05+00:00","dateModified":"2021-06-28T07:38:05+00:00","breadcrumb":{"@id":"http:\/\/apajhetvous.apajh.org\/savs-vanves\/qui-sommes-nous\/#breadcrumb"},"inLanguage":"fr-FR","potentialAction":[{"@type":"ReadAction","target":["http:\/\/apajhetvous.apajh.org\/savs-vanves\/qui-sommes-nous\/"]}]},{"@type":"ImageObject","inLanguage":"fr-FR","@id":"http:\/\/apajhetvous.apajh.org\/savs-vanves\/qui-sommes-nous\/#primaryimage","url":"https:\/\/apajhetvous.apajh.org\/savs-vanves\/wp-content\/uploads\/2021\/06\/2-1.jpg","contentUrl":"https:\/\/apajhetvous.apajh.org\/savs-vanves\/wp-content\/uploads\/2021\/06\/2-1.jpg","width":510,"height":510},{"@type":"BreadcrumbList","@id":"http:\/\/apajhetvous.apajh.org\/savs-vanves\/qui-sommes-nous\/#breadcrumb","itemListElement":[{"@type":"ListItem","position":1,"name":"Accueil","item":"http:\/\/apajhetvous.apajh.org\/savs-vanves\/"},{"@type":"ListItem","position":2,"name":"Qui sommes-nous ?"}]},{"@type":"WebSite","@id":"http:\/\/apajhetvous.apajh.org\/savs-vanves\/#website","url":"http:\/\/apajhetvous.apajh.org\/savs-vanves\/","name":"SAVS Vanves","description":"","potentialAction":[{"@type":"SearchAction","target":{"@type":"EntryPoint","urlTemplate":"http:\/\/apajhetvous.apajh.org\/savs-vanves\/?s={search_term_string}"},"query-input":{"@type":"PropertyValueSpecification","valueRequired":true,"valueName":"search_term_string"}}],"inLanguage":"fr-FR"}]}},"_links":{"self":[{"href":"https:\/\/apajhetvous.apajh.org\/savs-vanves\/wp-json\/wp\/v2\/pages\/28","targetHints":{"allow":["GET"]}}],"collection":[{"href":"https:\/\/apajhetvous.apajh.org\/savs-vanves\/wp-json\/wp\/v2\/pages"}],"about":[{"href":"https:\/\/apajhetvous.apajh.org\/savs-vanves\/wp-json\/wp\/v2\/types\/page"}],"author":[{"embeddable":true,"href":"https:\/\/apajhetvous.apajh.org\/savs-vanves\/wp-json\/wp\/v2\/users\/1"}],"replies":[{"embeddable":true,"href":"https:\/\/apajhetvous.apajh.org\/savs-vanves\/wp-json\/wp\/v2\/comments?post=28"}],"version-history":[{"count":35,"href":"https:\/\/apajhetvous.apajh.org\/savs-vanves\/wp-json\/wp\/v2\/pages\/28\/revisions"}],"predecessor-version":[{"id":499,"href":"https:\/\/apajhetvous.apajh.org\/savs-vanves\/wp-json\/wp\/v2\/pages\/28\/revisions\/499"}],"wp:attachment":[{"href":"https:\/\/apajhetvous.apajh.org\/savs-vanves\/wp-json\/wp\/v2\/media?parent=28"}],"curies":[{"name":"wp","href":"https:\/\/api.w.org\/{rel}","templated":true}]}}